{"id":1365,"date":"2020-03-30T23:51:41","date_gmt":"2020-03-30T23:51:41","guid":{"rendered":"http:\/\/autosdelpodio.com\/autos\/?page_id=1365"},"modified":"2020-03-30T23:51:42","modified_gmt":"2020-03-30T23:51:42","slug":"automovilismo","status":"publish","type":"page","link":"http:\/\/autosdelpodio.com\/autos\/automovilismo\/","title":{"rendered":"Automovilismo"},"content":{"rendered":"\n<div class=\"wp-block-image\"><figure class=\"aligncenter size-large\"><img fetchpriority=\"high\" decoding=\"async\" width=\"274\" height=\"184\" src=\"http:\/\/autosdelpodio.com\/autos\/wp-content\/uploads\/2020\/03\/automovilismo-1.jpg\" alt=\"\" class=\"wp-image-1367\"\/><\/figure><\/div>\n\n\n\n<p>Un autom\u00f3vil es un vehiculo sobre ruedas, dise\u00f1ado para circular sin necesidad de sus&nbsp; carriles, capaz de desplazarse por si mismo. Los primeros modelos, accionados por vapor, fueron construidos en la etapa del siglo XVIII. Al siglo siguiente, la invenci\u00f3n del motor de combusti\u00f3n interna provoc\u00f3 el impulso definitivo para el desarrollo del autom\u00f3vil.<\/p>\n\n\n\n<p>El automovilismo, cuya pr\u00e1ctica se remonta a los or\u00edgenes del auto moderno, depende m\u00e1s que ninguna otra disciplina deportiva de los avances tecnol\u00f3gicos; la espectacularidad&nbsp; y el riesgo que asumen los pilotos ha atra\u00eddo desde siempre a numerosos aficionados.<\/p>\n\n\n\n<p>El automovilismo en Argentina es el segundo deporte en popularidad, despu\u00e9s del f\u00fatbol. El campeonato m\u00e1s famoso e importante es el Turismo Carretera; la categor\u00eda fue creada en 1937 y es la m\u00e1s popular del pa\u00eds. En sus comienzos las competencias se realizaban en rutas y caminos (de ah\u00ed su nombre), por lo general de tierra. Luego de numerosos accidentes se suspendi\u00f3 esta pr\u00e1ctica y actualmente pasaron a realizarse dentro de aut\u00f3dromos cerrados.<\/p>\n\n\n\n<p>La d\u00e9cada de 1950 a 1960 es considerada la del piloto\u2013mec\u00e1nico. Hombres que \u201cfabricaban\u201d sus propias m\u00e1quinas y las conduc\u00edan velozmente por los caminos m\u00e1s dif\u00edciles y abruptos. Ellos fueron: Oscar y Juan G\u00e1lvez, (los hermanos arrasaron en su \u00e9poca; de hecho, el aut\u00f3dromo capitalino lleva su nombre en homenaje a su obra), Dante y Torcuato Emiliozzi, Marcos Ciani, Rodolfo De \u00c1lzaga, entre otros. En la d\u00e9cada siguiente, siguieron su ejemplo Eduardo Copello, Gast\u00f3n Perkins y Luis Di Palma, aunque poco a poco este deporte fue cayendo en el encierro de los aut\u00f3dromos.<\/p>\n\n\n\n<p>Otros nombres que hicieron eco en el automovilismo fueron: Juan M. Traverso, quien fue campe\u00f3n de TC en los a\u00f1os 1977, 1978 y 1999 con Ford, y en 1995, 1996 y 1997 con Chevrolet, y Roberto Mouras, tambi\u00e9n campe\u00f3n de TC en 1983, 1984 y 1985 con Dodge.Guillermo Ortelli en la era moderna obtuvo 5 t\u00edtulos, 1998, 2001, 2002,2003 y 2008, todos con Chevrolet.<\/p>\n\n\n\n<p>Cada competencia hoy en d\u00eda mueve a unos 120 pilotos y a unas 40.000 personas. All\u00ed no hay barra brava y los duelos entre las marcas se resuelven generalmente en paz. Una actividad que despierta gran fervor y en la que tambi\u00e9n hay fallas de seguridad e infraestructura.<\/p>\n\n\n\n<p>La propuesta tiene que ver con los campamentos que muchos fan\u00e1ticos del Turismo Carretera realizan en cada carrera. Tanto, que el paso de los autos por los circuitos del pa\u00eds llega a&nbsp; triplicar las ventas.<\/p>\n\n\n\n<p>Las marcas que participan a\u00fan hoy se las considera las cuatro grandes del automovilismo argentino. Ellas son Ford, Chevrolet, Dodge y Torino.<\/p>\n\n\n\n<p>La F\u00f3rmula 1 (F1), es la competici\u00f3n automovil\u00edstica internacional m\u00e1s famosa y tecnol\u00f3gica del mundo. A cada carrera se le denomina Gran Premio, formando el Campeonato Mundial de F\u00f3rmula 1. La mayor\u00eda de los circuitos que utilizan los Grandes Premios son permanentes, aunque tambi\u00e9n se utilizan urbanos, como M\u00f3naco. Los autom\u00f3viles utilizados son monoplazas con la \u00faltima tecnolog\u00eda disponible.<\/p>\n\n\n\n<p>El inicio de la F\u00f3rmula 1 moderna se remonta al a\u00f1o 1950, en el que ya participaron equipos legendarios como Ferrari, Alfa Romeo y Maserati. Algunos equipos han sido apartados por otros nuevos que han conseguido grandes \u00e9xitos, como McLaren, Scuderia Ferrari, Williams, Lotus o Renault, que se han alzado varias veces con el Campeonato Mundial de Constructores.<\/p>\n\n\n\n<p>Este deporte ha dado grandes corredores a nivel internacional, como por ejemplo a Juan Manuel Fangio, qu\u00edntuple campe\u00f3n de la Formula 1, Jos\u00e9 Froilan Gonzalez (primer piloto oficial Ferrari) y Carlos Alberto Reutemann, gran corredor tambi\u00e9n de la F\u00f3rmula 1.<\/p>\n\n\n\n<p>Es tal el fanatismo por el automovilismo en la Argentina, que hasta ha corrido la Indy Car Series estadounidense all\u00ed; hecho que sucedi\u00f3 en el siglo XX en la ciudad de Rafaela, provincia de Santa Fe, actualmente circuito de TC y TC2000.<\/p>\n\n\n\n<p>El TC 2000 es la versi\u00f3n modernizada del TC, con autom\u00f3viles m\u00e1s modernos y adaptados que en el TC, considerada una de las mejores categor\u00edas del mundo de autos con techo.<\/p>\n\n\n\n<p>El Top Race es una categor\u00eda Argentina creada en desde el a\u00f1o 1997 ideada principalmente, para que los pilotos de las otras dos categor\u00edas principales del pa\u00eds, el Turismo Carretera y el TC 2000, pudiesen mantenerse en actividad en los fines de semana libres. Originalmente, los autom\u00f3viles que participaban en el Top Race eran turismos preparados por los organizadores, y abarcaban desde un Renault Clio hasta un Mercedes-Benz Clase C. Desde la temporada 2005, los autom\u00f3viles fueron totalmente reformulados, y pasaron a ser desarrollados desde cero por Oreste Berta. Son siluetas, en el sentido de que todos poseen la misma mec\u00e1nica pero incorporan una carrocer\u00eda que imita a turismos como el Ford Mondeo, el Chevrolet Vectra, el Peugeot 407 y el Volkswagen Passat . Hoy en d\u00eda se considera la tercera categor\u00eda en importancia a nivel local, por detr\u00e1s del Turismo Carretera y del TC 2000 y por delante del Turismo Nacional.<\/p>\n\n\n\n<p>Se podr\u00eda decir que este deporte es m\u00e1s federal incluso que el f\u00fatbol, ya que en este \u00faltimo la mayor\u00eda de los equipos son de Buenos Aires, en cambio en el automovilismo, hay circuitos por todo el pa\u00eds, y los fierreros, como se los suele llamar a los fan\u00e1ticos de los autos, se trasladan a todos lados para ver correr a sus \u00eddolos y pasar un buen d\u00eda de carreras.<\/p>\n","protected":false},"excerpt":{"rendered":"<p>Un autom\u00f3vil es un vehiculo sobre ruedas, dise\u00f1ado para circular sin necesidad de sus&nbsp; carriles, capaz de desplazarse por si<\/p>\n","protected":false},"author":1,"featured_media":0,"parent":0,"menu_order":0,"comment_status":"closed","ping_status":"closed","template":"","meta":{"colormag_page_container_layout":"default_layout","colormag_page_sidebar_layout":"default_layout","footnotes":""},"class_list":["post-1365","page","type-page","status-publish","hentry"],"yoast_head":"<!-- This site is optimized with the Yoast SEO plugin v27.4 - https:\/\/yoast.com\/product\/yoast-seo-wordpress\/ -->\n<title>Automovilismo | Autos del Podio<\/title>\n<meta name=\"robots\" content=\"noindex, follow\" \/>\n<meta property=\"og:locale\" content=\"es_ES\" \/>\n<meta property=\"og:type\" content=\"article\" \/>\n<meta property=\"og:title\" content=\"Automovilismo | Autos del Podio\" \/>\n<meta property=\"og:description\" content=\"Un autom\u00f3vil es un vehiculo sobre ruedas, dise\u00f1ado para circular sin necesidad de sus&nbsp; carriles, capaz de desplazarse por si\" \/>\n<meta property=\"og:url\" content=\"http:\/\/autosdelpodio.com\/autos\/automovilismo\/\" \/>\n<meta property=\"og:site_name\" content=\"Autos del Podio\" \/>\n<meta property=\"article:publisher\" content=\"https:\/\/www.facebook.com\/profile.php?id=100057192590976&amp;amp%3bamp%3bamp%3bamp%3bamp%3bamp%3bamp%3bamp%3bamp%3bamp%3bamp%3bamp%3bamp%3bamp%3bamp%3bamp%3bamp%3bamp%3bref=ts\" \/>\n<meta property=\"article:modified_time\" content=\"2020-03-30T23:51:42+00:00\" \/>\n<meta property=\"og:image\" content=\"http:\/\/autosdelpodio.com\/autos\/wp-content\/uploads\/2020\/03\/automovilismo-1.jpg\" \/>\n<meta name=\"twitter:card\" content=\"summary_large_image\" \/>\n<meta name=\"twitter:site\" content=\"@autosdelpodio\" \/>\n<meta name=\"twitter:label1\" content=\"Tiempo de lectura\" \/>\n\t<meta name=\"twitter:data1\" content=\"5 minutos\" \/>\n<script type=\"application\/ld+json\" class=\"yoast-schema-graph\">{\"@context\":\"https:\\\/\\\/schema.org\",\"@graph\":[{\"@type\":\"WebPage\",\"@id\":\"http:\\\/\\\/autosdelpodio.com\\\/autos\\\/automovilismo\\\/\",\"url\":\"http:\\\/\\\/autosdelpodio.com\\\/autos\\\/automovilismo\\\/\",\"name\":\"Automovilismo | Autos del Podio\",\"isPartOf\":{\"@id\":\"http:\\\/\\\/autosdelpodio.com\\\/autos\\\/#website\"},\"primaryImageOfPage\":{\"@id\":\"http:\\\/\\\/autosdelpodio.com\\\/autos\\\/automovilismo\\\/#primaryimage\"},\"image\":{\"@id\":\"http:\\\/\\\/autosdelpodio.com\\\/autos\\\/automovilismo\\\/#primaryimage\"},\"thumbnailUrl\":\"http:\\\/\\\/autosdelpodio.com\\\/autos\\\/wp-content\\\/uploads\\\/2020\\\/03\\\/automovilismo-1.jpg\",\"datePublished\":\"2020-03-30T23:51:41+00:00\",\"dateModified\":\"2020-03-30T23:51:42+00:00\",\"breadcrumb\":{\"@id\":\"http:\\\/\\\/autosdelpodio.com\\\/autos\\\/automovilismo\\\/#breadcrumb\"},\"inLanguage\":\"es\",\"potentialAction\":[{\"@type\":\"ReadAction\",\"target\":[\"http:\\\/\\\/autosdelpodio.com\\\/autos\\\/automovilismo\\\/\"]}]},{\"@type\":\"ImageObject\",\"inLanguage\":\"es\",\"@id\":\"http:\\\/\\\/autosdelpodio.com\\\/autos\\\/automovilismo\\\/#primaryimage\",\"url\":\"http:\\\/\\\/autosdelpodio.com\\\/autos\\\/wp-content\\\/uploads\\\/2020\\\/03\\\/automovilismo-1.jpg\",\"contentUrl\":\"http:\\\/\\\/autosdelpodio.com\\\/autos\\\/wp-content\\\/uploads\\\/2020\\\/03\\\/automovilismo-1.jpg\",\"width\":274,\"height\":184},{\"@type\":\"BreadcrumbList\",\"@id\":\"http:\\\/\\\/autosdelpodio.com\\\/autos\\\/automovilismo\\\/#breadcrumb\",\"itemListElement\":[{\"@type\":\"ListItem\",\"position\":1,\"name\":\"Portada\",\"item\":\"http:\\\/\\\/autosdelpodio.com\\\/autos\\\/\"},{\"@type\":\"ListItem\",\"position\":2,\"name\":\"Automovilismo\"}]},{\"@type\":\"WebSite\",\"@id\":\"http:\\\/\\\/autosdelpodio.com\\\/autos\\\/#website\",\"url\":\"http:\\\/\\\/autosdelpodio.com\\\/autos\\\/\",\"name\":\"Autos del Podio\",\"description\":\"La sexta del deporte motor\",\"publisher\":{\"@id\":\"http:\\\/\\\/autosdelpodio.com\\\/autos\\\/#organization\"},\"potentialAction\":[{\"@type\":\"SearchAction\",\"target\":{\"@type\":\"EntryPoint\",\"urlTemplate\":\"http:\\\/\\\/autosdelpodio.com\\\/autos\\\/?s={search_term_string}\"},\"query-input\":{\"@type\":\"PropertyValueSpecification\",\"valueRequired\":true,\"valueName\":\"search_term_string\"}}],\"inLanguage\":\"es\"},{\"@type\":\"Organization\",\"@id\":\"http:\\\/\\\/autosdelpodio.com\\\/autos\\\/#organization\",\"name\":\"Autos del Podio\",\"url\":\"http:\\\/\\\/autosdelpodio.com\\\/autos\\\/\",\"logo\":{\"@type\":\"ImageObject\",\"inLanguage\":\"es\",\"@id\":\"http:\\\/\\\/autosdelpodio.com\\\/autos\\\/#\\\/schema\\\/logo\\\/image\\\/\",\"url\":\"http:\\\/\\\/autosdelpodio.com\\\/autos\\\/wp-content\\\/uploads\\\/2020\\\/08\\\/Logo_AR.jpg\",\"contentUrl\":\"http:\\\/\\\/autosdelpodio.com\\\/autos\\\/wp-content\\\/uploads\\\/2020\\\/08\\\/Logo_AR.jpg\",\"width\":1038,\"height\":1044,\"caption\":\"Autos del Podio\"},\"image\":{\"@id\":\"http:\\\/\\\/autosdelpodio.com\\\/autos\\\/#\\\/schema\\\/logo\\\/image\\\/\"},\"sameAs\":[\"https:\\\/\\\/www.facebook.com\\\/profile.php?id=100057192590976&amp;amp;amp;amp;amp;amp;amp;amp;amp;amp;amp;amp;amp;amp;amp;amp;amp;amp;ref=ts\",\"https:\\\/\\\/x.com\\\/autosdelpodio\",\"https:\\\/\\\/www.youtube.com\\\/user\\\/AutosdelPodio\"]}]}<\/script>\n<!-- \/ Yoast SEO plugin. -->","yoast_head_json":{"title":"Automovilismo | Autos del Podio","robots":{"index":"noindex","follow":"follow"},"og_locale":"es_ES","og_type":"article","og_title":"Automovilismo | Autos del Podio","og_description":"Un autom\u00f3vil es un vehiculo sobre ruedas, dise\u00f1ado para circular sin necesidad de sus&nbsp; carriles, capaz de desplazarse por si","og_url":"http:\/\/autosdelpodio.com\/autos\/automovilismo\/","og_site_name":"Autos del Podio","article_publisher":"https:\/\/www.facebook.com\/profile.php?id=100057192590976&amp%3bamp%3bamp%3bamp%3bamp%3bamp%3bamp%3bamp%3bamp%3bamp%3bamp%3bamp%3bamp%3bamp%3bamp%3bamp%3bamp%3bamp%3bref=ts","article_modified_time":"2020-03-30T23:51:42+00:00","og_image":[{"url":"http:\/\/autosdelpodio.com\/autos\/wp-content\/uploads\/2020\/03\/automovilismo-1.jpg","type":"","width":"","height":""}],"twitter_card":"summary_large_image","twitter_site":"@autosdelpodio","twitter_misc":{"Tiempo de lectura":"5 minutos"},"schema":{"@context":"https:\/\/schema.org","@graph":[{"@type":"WebPage","@id":"http:\/\/autosdelpodio.com\/autos\/automovilismo\/","url":"http:\/\/autosdelpodio.com\/autos\/automovilismo\/","name":"Automovilismo | Autos del Podio","isPartOf":{"@id":"http:\/\/autosdelpodio.com\/autos\/#website"},"primaryImageOfPage":{"@id":"http:\/\/autosdelpodio.com\/autos\/automovilismo\/#primaryimage"},"image":{"@id":"http:\/\/autosdelpodio.com\/autos\/automovilismo\/#primaryimage"},"thumbnailUrl":"http:\/\/autosdelpodio.com\/autos\/wp-content\/uploads\/2020\/03\/automovilismo-1.jpg","datePublished":"2020-03-30T23:51:41+00:00","dateModified":"2020-03-30T23:51:42+00:00","breadcrumb":{"@id":"http:\/\/autosdelpodio.com\/autos\/automovilismo\/#breadcrumb"},"inLanguage":"es","potentialAction":[{"@type":"ReadAction","target":["http:\/\/autosdelpodio.com\/autos\/automovilismo\/"]}]},{"@type":"ImageObject","inLanguage":"es","@id":"http:\/\/autosdelpodio.com\/autos\/automovilismo\/#primaryimage","url":"http:\/\/autosdelpodio.com\/autos\/wp-content\/uploads\/2020\/03\/automovilismo-1.jpg","contentUrl":"http:\/\/autosdelpodio.com\/autos\/wp-content\/uploads\/2020\/03\/automovilismo-1.jpg","width":274,"height":184},{"@type":"BreadcrumbList","@id":"http:\/\/autosdelpodio.com\/autos\/automovilismo\/#breadcrumb","itemListElement":[{"@type":"ListItem","position":1,"name":"Portada","item":"http:\/\/autosdelpodio.com\/autos\/"},{"@type":"ListItem","position":2,"name":"Automovilismo"}]},{"@type":"WebSite","@id":"http:\/\/autosdelpodio.com\/autos\/#website","url":"http:\/\/autosdelpodio.com\/autos\/","name":"Autos del Podio","description":"La sexta del deporte motor","publisher":{"@id":"http:\/\/autosdelpodio.com\/autos\/#organization"},"potentialAction":[{"@type":"SearchAction","target":{"@type":"EntryPoint","urlTemplate":"http:\/\/autosdelpodio.com\/autos\/?s={search_term_string}"},"query-input":{"@type":"PropertyValueSpecification","valueRequired":true,"valueName":"search_term_string"}}],"inLanguage":"es"},{"@type":"Organization","@id":"http:\/\/autosdelpodio.com\/autos\/#organization","name":"Autos del Podio","url":"http:\/\/autosdelpodio.com\/autos\/","logo":{"@type":"ImageObject","inLanguage":"es","@id":"http:\/\/autosdelpodio.com\/autos\/#\/schema\/logo\/image\/","url":"http:\/\/autosdelpodio.com\/autos\/wp-content\/uploads\/2020\/08\/Logo_AR.jpg","contentUrl":"http:\/\/autosdelpodio.com\/autos\/wp-content\/uploads\/2020\/08\/Logo_AR.jpg","width":1038,"height":1044,"caption":"Autos del Podio"},"image":{"@id":"http:\/\/autosdelpodio.com\/autos\/#\/schema\/logo\/image\/"},"sameAs":["https:\/\/www.facebook.com\/profile.php?id=100057192590976&amp;amp;amp;amp;amp;amp;amp;amp;amp;amp;amp;amp;amp;amp;amp;amp;amp;amp;ref=ts","https:\/\/x.com\/autosdelpodio","https:\/\/www.youtube.com\/user\/AutosdelPodio"]}]}},"_links":{"self":[{"href":"http:\/\/autosdelpodio.com\/autos\/wp-json\/wp\/v2\/pages\/1365","targetHints":{"allow":["GET"]}}],"collection":[{"href":"http:\/\/autosdelpodio.com\/autos\/wp-json\/wp\/v2\/pages"}],"about":[{"href":"http:\/\/autosdelpodio.com\/autos\/wp-json\/wp\/v2\/types\/page"}],"author":[{"embeddable":true,"href":"http:\/\/autosdelpodio.com\/autos\/wp-json\/wp\/v2\/users\/1"}],"replies":[{"embeddable":true,"href":"http:\/\/autosdelpodio.com\/autos\/wp-json\/wp\/v2\/comments?post=1365"}],"version-history":[{"count":1,"href":"http:\/\/autosdelpodio.com\/autos\/wp-json\/wp\/v2\/pages\/1365\/revisions"}],"predecessor-version":[{"id":1368,"href":"http:\/\/autosdelpodio.com\/autos\/wp-json\/wp\/v2\/pages\/1365\/revisions\/1368"}],"wp:attachment":[{"href":"http:\/\/autosdelpodio.com\/autos\/wp-json\/wp\/v2\/media?parent=1365"}],"curies":[{"name":"wp","href":"https:\/\/api.w.org\/{rel}","templated":true}]}}