{"id":1406,"date":"2020-03-31T00:02:43","date_gmt":"2020-03-31T00:02:43","guid":{"rendered":"http:\/\/autosdelpodio.com\/autos\/?page_id=1406"},"modified":"2020-03-31T00:02:44","modified_gmt":"2020-03-31T00:02:44","slug":"seguridad-vial","status":"publish","type":"page","link":"http:\/\/autosdelpodio.com\/autos\/seguridad-vial\/","title":{"rendered":"Seguridad vial"},"content":{"rendered":"\n<p>Lamentablemente en Argentina los accidentes de tr\u00e1nsito est\u00e1n en el podio por las estad\u00edsticas de la cantidad de personas que mueren a diario (m\u00e1s de 20), en las rutas y calles del pa\u00eds.<\/p>\n\n\n\n<p>Desde varios organismos gubernamentales se intenta concientizar mediante campa\u00f1as a los conductores. La ACTC, por ejemplo, desde TC Magazine (revista que la categor\u00eda entrega&nbsp; acerca en cada presentaci\u00f3n del TC por los aut\u00f3dromos en forma gratuita) acerca consejos a la hora de conducir, resalta las se\u00f1ales m\u00e1s importantes a la hora de emprender un viaje, para que sea de ida y vuelta junto con todos tus seres queridos.<\/p>\n\n\n\n<p>Porque tu vida vale y te queremos cuidar. Porque toda la familia del automovilismo debe tomar conciencia al volante. Y dejemos las velocidades extremas y las maniobras arriesgadas para los pilotos en las pistas. Respeta las normas de tr\u00e1nsito.<\/p>\n\n\n\n<p>1.&nbsp;&nbsp;&nbsp; Abr\u00f3chese el cintur\u00f3n de seguridad.<\/p>\n\n\n\n<p>2.&nbsp;&nbsp;&nbsp; Luces bajas encendidas siempre.<\/p>\n\n\n\n<p>3.&nbsp;&nbsp;&nbsp; Camiones circular por su derecha<\/p>\n\n\n\n<p>4.&nbsp;&nbsp;&nbsp; Autos y Pick Up a marcha moderada circular por su derecha<\/p>\n\n\n\n<p>5.&nbsp;&nbsp;&nbsp; Dejar libre el carril izquierdo para veh\u00edculos r\u00e1pidos<\/p>\n\n\n\n<p>6.&nbsp;&nbsp;&nbsp; Si detiene el veh\u00edculo encienda las balizas.<\/p>\n\n\n\n<p>7.&nbsp;&nbsp;&nbsp; Si detiene el veh\u00edculo siempre a la derecha, fuera de la calzada.<\/p>\n\n\n\n<p>8.&nbsp;&nbsp;&nbsp; Ponga balizas reglamentarias a 50 mts. del vehiculo.<\/p>\n\n\n\n<p>9.&nbsp;&nbsp;&nbsp; Det\u00e9ngase para hablar por celular.<\/p>\n\n\n\n<p>10.&nbsp;&nbsp;&nbsp; Antic\u00edpese a las maniobras, use luz de giro.<\/p>\n\n\n\n<p>11.&nbsp;&nbsp;&nbsp; Respete siempre el paso del peat\u00f3n en las esquinas.<\/p>\n\n\n\n<p>12.&nbsp;&nbsp;&nbsp; Respete la ruta, un choque de frente puede ser fatal.<\/p>\n\n\n\n<p>13.&nbsp;&nbsp;&nbsp; Doble franja amarilla: no se adelante nunca a otro veh\u00edculo.<\/p>\n\n\n\n<p>14.&nbsp;&nbsp;&nbsp; Viaje de d\u00eda. De noche se reduce notablemente la velocidad.<\/p>\n","protected":false},"excerpt":{"rendered":"<p>Lamentablemente en Argentina los accidentes de tr\u00e1nsito est\u00e1n en el podio por las estad\u00edsticas de la cantidad de personas que<\/p>\n","protected":false},"author":1,"featured_media":0,"parent":0,"menu_order":0,"comment_status":"closed","ping_status":"closed","template":"","meta":{"colormag_page_container_layout":"default_layout","colormag_page_sidebar_layout":"default_layout","footnotes":""},"class_list":["post-1406","page","type-page","status-publish","hentry"],"yoast_head":"<!-- This site is optimized with the Yoast SEO plugin v27.5 - https:\/\/yoast.com\/product\/yoast-seo-wordpress\/ -->\n<title>Seguridad vial | Autos del Podio<\/title>\n<meta name=\"robots\" content=\"noindex, follow\" \/>\n<meta property=\"og:locale\" content=\"es_ES\" \/>\n<meta property=\"og:type\" content=\"article\" \/>\n<meta property=\"og:title\" content=\"Seguridad vial | Autos del Podio\" \/>\n<meta property=\"og:description\" content=\"Lamentablemente en Argentina los accidentes de tr\u00e1nsito est\u00e1n en el podio por las estad\u00edsticas de la cantidad de personas que\" \/>\n<meta property=\"og:url\" content=\"http:\/\/autosdelpodio.com\/autos\/seguridad-vial\/\" \/>\n<meta property=\"og:site_name\" content=\"Autos del Podio\" \/>\n<meta property=\"article:publisher\" content=\"https:\/\/www.facebook.com\/profile.php?id=100057192590976&amp;amp%3bamp%3bamp%3bamp%3bamp%3bamp%3bamp%3bamp%3bamp%3bamp%3bamp%3bamp%3bamp%3bamp%3bamp%3bamp%3bamp%3bamp%3bref=ts\" \/>\n<meta property=\"article:modified_time\" content=\"2020-03-31T00:02:44+00:00\" \/>\n<meta name=\"twitter:card\" content=\"summary_large_image\" \/>\n<meta name=\"twitter:site\" content=\"@autosdelpodio\" \/>\n<meta name=\"twitter:label1\" content=\"Tiempo de lectura\" \/>\n\t<meta name=\"twitter:data1\" content=\"2 minutos\" \/>\n<script type=\"application\/ld+json\" class=\"yoast-schema-graph\">{\"@context\":\"https:\\\/\\\/schema.org\",\"@graph\":[{\"@type\":\"WebPage\",\"@id\":\"http:\\\/\\\/autosdelpodio.com\\\/autos\\\/seguridad-vial\\\/\",\"url\":\"http:\\\/\\\/autosdelpodio.com\\\/autos\\\/seguridad-vial\\\/\",\"name\":\"Seguridad vial | Autos del Podio\",\"isPartOf\":{\"@id\":\"http:\\\/\\\/autosdelpodio.com\\\/autos\\\/#website\"},\"datePublished\":\"2020-03-31T00:02:43+00:00\",\"dateModified\":\"2020-03-31T00:02:44+00:00\",\"breadcrumb\":{\"@id\":\"http:\\\/\\\/autosdelpodio.com\\\/autos\\\/seguridad-vial\\\/#breadcrumb\"},\"inLanguage\":\"es\",\"potentialAction\":[{\"@type\":\"ReadAction\",\"target\":[\"http:\\\/\\\/autosdelpodio.com\\\/autos\\\/seguridad-vial\\\/\"]}]},{\"@type\":\"BreadcrumbList\",\"@id\":\"http:\\\/\\\/autosdelpodio.com\\\/autos\\\/seguridad-vial\\\/#breadcrumb\",\"itemListElement\":[{\"@type\":\"ListItem\",\"position\":1,\"name\":\"Portada\",\"item\":\"http:\\\/\\\/autosdelpodio.com\\\/autos\\\/\"},{\"@type\":\"ListItem\",\"position\":2,\"name\":\"Seguridad vial\"}]},{\"@type\":\"WebSite\",\"@id\":\"http:\\\/\\\/autosdelpodio.com\\\/autos\\\/#website\",\"url\":\"http:\\\/\\\/autosdelpodio.com\\\/autos\\\/\",\"name\":\"Autos del Podio\",\"description\":\"La sexta del deporte motor\",\"publisher\":{\"@id\":\"http:\\\/\\\/autosdelpodio.com\\\/autos\\\/#organization\"},\"potentialAction\":[{\"@type\":\"SearchAction\",\"target\":{\"@type\":\"EntryPoint\",\"urlTemplate\":\"http:\\\/\\\/autosdelpodio.com\\\/autos\\\/?s={search_term_string}\"},\"query-input\":{\"@type\":\"PropertyValueSpecification\",\"valueRequired\":true,\"valueName\":\"search_term_string\"}}],\"inLanguage\":\"es\"},{\"@type\":\"Organization\",\"@id\":\"http:\\\/\\\/autosdelpodio.com\\\/autos\\\/#organization\",\"name\":\"Autos del Podio\",\"url\":\"http:\\\/\\\/autosdelpodio.com\\\/autos\\\/\",\"logo\":{\"@type\":\"ImageObject\",\"inLanguage\":\"es\",\"@id\":\"http:\\\/\\\/autosdelpodio.com\\\/autos\\\/#\\\/schema\\\/logo\\\/image\\\/\",\"url\":\"http:\\\/\\\/autosdelpodio.com\\\/autos\\\/wp-content\\\/uploads\\\/2020\\\/08\\\/Logo_AR.jpg\",\"contentUrl\":\"http:\\\/\\\/autosdelpodio.com\\\/autos\\\/wp-content\\\/uploads\\\/2020\\\/08\\\/Logo_AR.jpg\",\"width\":1038,\"height\":1044,\"caption\":\"Autos del Podio\"},\"image\":{\"@id\":\"http:\\\/\\\/autosdelpodio.com\\\/autos\\\/#\\\/schema\\\/logo\\\/image\\\/\"},\"sameAs\":[\"https:\\\/\\\/www.facebook.com\\\/profile.php?id=100057192590976&amp;amp;amp;amp;amp;amp;amp;amp;amp;amp;amp;amp;amp;amp;amp;amp;amp;amp;ref=ts\",\"https:\\\/\\\/x.com\\\/autosdelpodio\",\"https:\\\/\\\/www.youtube.com\\\/user\\\/AutosdelPodio\"]}]}<\/script>\n<!-- \/ Yoast SEO plugin. -->","yoast_head_json":{"title":"Seguridad vial | Autos del Podio","robots":{"index":"noindex","follow":"follow"},"og_locale":"es_ES","og_type":"article","og_title":"Seguridad vial | Autos del Podio","og_description":"Lamentablemente en Argentina los accidentes de tr\u00e1nsito est\u00e1n en el podio por las estad\u00edsticas de la cantidad de personas que","og_url":"http:\/\/autosdelpodio.com\/autos\/seguridad-vial\/","og_site_name":"Autos del Podio","article_publisher":"https:\/\/www.facebook.com\/profile.php?id=100057192590976&amp%3bamp%3bamp%3bamp%3bamp%3bamp%3bamp%3bamp%3bamp%3bamp%3bamp%3bamp%3bamp%3bamp%3bamp%3bamp%3bamp%3bamp%3bref=ts","article_modified_time":"2020-03-31T00:02:44+00:00","twitter_card":"summary_large_image","twitter_site":"@autosdelpodio","twitter_misc":{"Tiempo de lectura":"2 minutos"},"schema":{"@context":"https:\/\/schema.org","@graph":[{"@type":"WebPage","@id":"http:\/\/autosdelpodio.com\/autos\/seguridad-vial\/","url":"http:\/\/autosdelpodio.com\/autos\/seguridad-vial\/","name":"Seguridad vial | Autos del Podio","isPartOf":{"@id":"http:\/\/autosdelpodio.com\/autos\/#website"},"datePublished":"2020-03-31T00:02:43+00:00","dateModified":"2020-03-31T00:02:44+00:00","breadcrumb":{"@id":"http:\/\/autosdelpodio.com\/autos\/seguridad-vial\/#breadcrumb"},"inLanguage":"es","potentialAction":[{"@type":"ReadAction","target":["http:\/\/autosdelpodio.com\/autos\/seguridad-vial\/"]}]},{"@type":"BreadcrumbList","@id":"http:\/\/autosdelpodio.com\/autos\/seguridad-vial\/#breadcrumb","itemListElement":[{"@type":"ListItem","position":1,"name":"Portada","item":"http:\/\/autosdelpodio.com\/autos\/"},{"@type":"ListItem","position":2,"name":"Seguridad vial"}]},{"@type":"WebSite","@id":"http:\/\/autosdelpodio.com\/autos\/#website","url":"http:\/\/autosdelpodio.com\/autos\/","name":"Autos del Podio","description":"La sexta del deporte motor","publisher":{"@id":"http:\/\/autosdelpodio.com\/autos\/#organization"},"potentialAction":[{"@type":"SearchAction","target":{"@type":"EntryPoint","urlTemplate":"http:\/\/autosdelpodio.com\/autos\/?s={search_term_string}"},"query-input":{"@type":"PropertyValueSpecification","valueRequired":true,"valueName":"search_term_string"}}],"inLanguage":"es"},{"@type":"Organization","@id":"http:\/\/autosdelpodio.com\/autos\/#organization","name":"Autos del Podio","url":"http:\/\/autosdelpodio.com\/autos\/","logo":{"@type":"ImageObject","inLanguage":"es","@id":"http:\/\/autosdelpodio.com\/autos\/#\/schema\/logo\/image\/","url":"http:\/\/autosdelpodio.com\/autos\/wp-content\/uploads\/2020\/08\/Logo_AR.jpg","contentUrl":"http:\/\/autosdelpodio.com\/autos\/wp-content\/uploads\/2020\/08\/Logo_AR.jpg","width":1038,"height":1044,"caption":"Autos del Podio"},"image":{"@id":"http:\/\/autosdelpodio.com\/autos\/#\/schema\/logo\/image\/"},"sameAs":["https:\/\/www.facebook.com\/profile.php?id=100057192590976&amp;amp;amp;amp;amp;amp;amp;amp;amp;amp;amp;amp;amp;amp;amp;amp;amp;amp;ref=ts","https:\/\/x.com\/autosdelpodio","https:\/\/www.youtube.com\/user\/AutosdelPodio"]}]}},"_links":{"self":[{"href":"http:\/\/autosdelpodio.com\/autos\/wp-json\/wp\/v2\/pages\/1406","targetHints":{"allow":["GET"]}}],"collection":[{"href":"http:\/\/autosdelpodio.com\/autos\/wp-json\/wp\/v2\/pages"}],"about":[{"href":"http:\/\/autosdelpodio.com\/autos\/wp-json\/wp\/v2\/types\/page"}],"author":[{"embeddable":true,"href":"http:\/\/autosdelpodio.com\/autos\/wp-json\/wp\/v2\/users\/1"}],"replies":[{"embeddable":true,"href":"http:\/\/autosdelpodio.com\/autos\/wp-json\/wp\/v2\/comments?post=1406"}],"version-history":[{"count":1,"href":"http:\/\/autosdelpodio.com\/autos\/wp-json\/wp\/v2\/pages\/1406\/revisions"}],"predecessor-version":[{"id":1407,"href":"http:\/\/autosdelpodio.com\/autos\/wp-json\/wp\/v2\/pages\/1406\/revisions\/1407"}],"wp:attachment":[{"href":"http:\/\/autosdelpodio.com\/autos\/wp-json\/wp\/v2\/media?parent=1406"}],"curies":[{"name":"wp","href":"https:\/\/api.w.org\/{rel}","templated":true}]}}

<p>Lamentablemente en Argentina los accidentes de tránsito están en el podio por las estadísticas de la cantidad de personas que mueren a diario (más de 20), en las rutas y calles del país.</p>



<p>Desde varios organismos gubernamentales se intenta concientizar mediante campañas a los conductores. La ACTC, por ejemplo, desde TC Magazine (revista que la categoría entrega&nbsp; acerca en cada presentación del TC por los autódromos en forma gratuita) acerca consejos a la hora de conducir, resalta las señales más importantes a la hora de emprender un viaje, para que sea de ida y vuelta junto con todos tus seres queridos.</p>



<p>Porque tu vida vale y te queremos cuidar. Porque toda la familia del automovilismo debe tomar conciencia al volante. Y dejemos las velocidades extremas y las maniobras arriesgadas para los pilotos en las pistas. Respeta las normas de tránsito.</p>



<p>1.&nbsp;&nbsp;&nbsp; Abróchese el cinturón de seguridad.</p>



<p>2.&nbsp;&nbsp;&nbsp; Luces bajas encendidas siempre.</p>



<p>3.&nbsp;&nbsp;&nbsp; Camiones circular por su derecha</p>



<p>4.&nbsp;&nbsp;&nbsp; Autos y Pick Up a marcha moderada circular por su derecha</p>



<p>5.&nbsp;&nbsp;&nbsp; Dejar libre el carril izquierdo para vehículos rápidos</p>



<p>6.&nbsp;&nbsp;&nbsp; Si detiene el vehículo encienda las balizas.</p>



<p>7.&nbsp;&nbsp;&nbsp; Si detiene el vehículo siempre a la derecha, fuera de la calzada.</p>



<p>8.&nbsp;&nbsp;&nbsp; Ponga balizas reglamentarias a 50 mts. del vehiculo.</p>



<p>9.&nbsp;&nbsp;&nbsp; Deténgase para hablar por celular.</p>



<p>10.&nbsp;&nbsp;&nbsp; Anticípese a las maniobras, use luz de giro.</p>



<p>11.&nbsp;&nbsp;&nbsp; Respete siempre el paso del peatón en las esquinas.</p>



<p>12.&nbsp;&nbsp;&nbsp; Respete la ruta, un choque de frente puede ser fatal.</p>



<p>13.&nbsp;&nbsp;&nbsp; Doble franja amarilla: no se adelante nunca a otro vehículo.</p>



<p>14.&nbsp;&nbsp;&nbsp; Viaje de día. De noche se reduce notablemente la velocidad.</p>

<p>Lamentablemente en Argentina los accidentes de tránsito están en el podio por las estadísticas de la cantidad de personas que</p>

<!-- This site is optimized with the Yoast SEO plugin v27.5 - https://yoast.com/product/yoast-seo-wordpress/ -->
<title>Seguridad vial | Autos del Podio</title>
<meta name="robots" content="noindex, follow" />
<meta property="og:locale" content="es_ES" />
<meta property="og:type" content="article" />
<meta property="og:title" content="Seguridad vial | Autos del Podio" />
<meta property="og:description" content="Lamentablemente en Argentina los accidentes de tránsito están en el podio por las estadísticas de la cantidad de personas que" />
<meta property="og:url" content="http://autosdelpodio.com/autos/seguridad-vial/" />
<meta property="og:site_name" content="Autos del Podio" />
<meta property="article:publisher" content="https://www.facebook.com/profile.php?id=100057192590976&amp;amp%3bamp%3bamp%3bamp%3bamp%3bamp%3bamp%3bamp%3bamp%3bamp%3bamp%3bamp%3bamp%3bamp%3bamp%3bamp%3bamp%3bamp%3bref=ts" />
<meta property="article:modified_time" content="2020-03-31T00:02:44+00:00" />
<meta name="twitter:card" content="summary_large_image" />
<meta name="twitter:site" content="@autosdelpodio" />
<meta name="twitter:label1" content="Tiempo de lectura" />
	<meta name="twitter:data1" content="2 minutos" />
<script type="application/ld+json" class="yoast-schema-graph">{"@context":"https:\/\/schema.org","@graph":[{"@type":"WebPage","@id":"http:\/\/autosdelpodio.com\/autos\/seguridad-vial\/","url":"http:\/\/autosdelpodio.com\/autos\/seguridad-vial\/","name":"Seguridad vial | Autos del Podio","isPartOf":{"@id":"http:\/\/autosdelpodio.com\/autos\/#website"},"datePublished":"2020-03-31T00:02:43+00:00","dateModified":"2020-03-31T00:02:44+00:00","breadcrumb":{"@id":"http:\/\/autosdelpodio.com\/autos\/seguridad-vial\/#breadcrumb"},"inLanguage":"es","potentialAction":[{"@type":"ReadAction","target":["http:\/\/autosdelpodio.com\/autos\/seguridad-vial\/"]}]},{"@type":"BreadcrumbList","@id":"http:\/\/autosdelpodio.com\/autos\/seguridad-vial\/#breadcrumb","itemListElement":[{"@type":"ListItem","position":1,"name":"Portada","item":"http:\/\/autosdelpodio.com\/autos\/"},{"@type":"ListItem","position":2,"name":"Seguridad vial"}]},{"@type":"WebSite","@id":"http:\/\/autosdelpodio.com\/autos\/#website","url":"http:\/\/autosdelpodio.com\/autos\/","name":"Autos del Podio","description":"La sexta del deporte motor","publisher":{"@id":"http:\/\/autosdelpodio.com\/autos\/#organization"},"potentialAction":[{"@type":"SearchAction","target":{"@type":"EntryPoint","urlTemplate":"http:\/\/autosdelpodio.com\/autos\/?s={search_term_string}"},"query-input":{"@type":"PropertyValueSpecification","valueRequired":true,"valueName":"search_term_string"}}],"inLanguage":"es"},{"@type":"Organization","@id":"http:\/\/autosdelpodio.com\/autos\/#organization","name":"Autos del Podio","url":"http:\/\/autosdelpodio.com\/autos\/","logo":{"@type":"ImageObject","inLanguage":"es","@id":"http:\/\/autosdelpodio.com\/autos\/#\/schema\/logo\/image\/","url":"http:\/\/autosdelpodio.com\/autos\/wp-content\/uploads\/2020\/08\/Logo_AR.jpg","contentUrl":"http:\/\/autosdelpodio.com\/autos\/wp-content\/uploads\/2020\/08\/Logo_AR.jpg","width":1038,"height":1044,"caption":"Autos del Podio"},"image":{"@id":"http:\/\/autosdelpodio.com\/autos\/#\/schema\/logo\/image\/"},"sameAs":["https:\/\/www.facebook.com\/profile.php?id=100057192590976&amp;amp;amp;amp;amp;amp;amp;amp;amp;amp;amp;amp;amp;amp;amp;amp;amp;amp;ref=ts","https:\/\/x.com\/autosdelpodio","https:\/\/www.youtube.com\/user\/AutosdelPodio"]}]}</script>
<!-- / Yoast SEO plugin. -->

Lamentablemente en Argentina los accidentes de tránsito están en el podio por las estadísticas de la cantidad de personas que
