{"id":1411,"date":"2020-03-31T00:03:44","date_gmt":"2020-03-31T00:03:44","guid":{"rendered":"http:\/\/autosdelpodio.com\/autos\/?page_id=1411"},"modified":"2020-03-31T00:03:45","modified_gmt":"2020-03-31T00:03:45","slug":"quienes-somos","status":"publish","type":"page","link":"http:\/\/autosdelpodio.com\/autos\/quienes-somos\/","title":{"rendered":"Qui\u00e9nes somos"},"content":{"rendered":"\n<p>La idea de&nbsp;<strong>Autos del Podio&nbsp;<\/strong>es crear un espacio abierto dedicado a los autos, a la industria automotriz, al automovilismo y al mundo motor en general.Quienes formamos parte del equipo, entendemos que existen muchas y muy buenas&nbsp;paginas web, que tienen informaci\u00f3n, equipos period\u00edsticos y log\u00edstica de primer nivel.<\/p>\n\n\n\n<p>Los equipos realizan miles de kil\u00f3metros para disputar una prueba. En tiempos donde los costos son elevados, resulta inexplicable por momentos su resistencia a las diversas crisis. Este deporte, si bien no escapa a lo que es un gran negocio como en todo aquel donde invierten las grandes empresas, del otro lado del alambrado a\u00fan mantiene un ambiente sano.<\/p>\n\n\n\n<p>Muchos de los que hoy peinan canas recordar\u00e1n aquella primera carrera a la que asistieron junto con sus padres, o como en mi caso con amigos, en el G\u00e1lvez, bien temprano tomando el 28 en Liniers.<\/p>\n\n\n\n<p>Y en la memoria qued\u00f3 el derrape de un tal Patita Minervino, del Chueco Jos\u00e9 Maria Romero, o el exquisito manejo del Flaco de Ramallo, y de tantos otros que eran nombrados en la radio a medida que ingresaban al Salotto. Y que ese d\u00eda, los pude ver ah\u00ed nom\u00e1s, separados por apenas un alambrado.<\/p>\n\n\n\n<blockquote class=\"wp-block-quote is-layout-flow wp-block-quote-is-layout-flow\"><p>Se dice que las carreras se corren los domingos, se comentan los lunes, y el martes ya casi ni se habla de lo que pas\u00f3 y se comienza a hablar de lo que vendr\u00e1. Es f\u00e1cil hablar con el diario del lunes, pero no se trata de eso.&nbsp;<strong>Este espacio apunta a la opini\u00f3n, la&nbsp; participaci\u00f3n de los visitantes sobre lo publicado, y compartir ese folklore t\u00edpico para los que nos gusta este deporte vivimos en los aut\u00f3dromos.<\/strong>&nbsp;Un lugar donde se pueda subir videos o fotos de aficionados mostrando el backstage por decirlo as\u00ed, o como se vive desde adentro, la foto con su \u00eddolo, etc.<\/p><\/blockquote>\n\n\n\n<p>Rescatar historias alrededor del rugido de los motores, las an\u00e9cdotas, las charlas y comentarios. Y la mayor\u00eda de los chicos y no tanto que ayer pasearon pugnando por un aut\u00f3grafo de sus \u00eddolos guardar\u00e1n ese momento como uno de los m\u00e1s significativos de su vida.<\/p>\n","protected":false},"excerpt":{"rendered":"<p>La idea de&nbsp;Autos del Podio&nbsp;es crear un espacio abierto dedicado a los autos, a la industria automotriz, al automovilismo y<\/p>\n","protected":false},"author":1,"featured_media":0,"parent":0,"menu_order":0,"comment_status":"closed","ping_status":"closed","template":"","meta":{"colormag_page_container_layout":"default_layout","colormag_page_sidebar_layout":"default_layout","footnotes":""},"class_list":["post-1411","page","type-page","status-publish","hentry"],"yoast_head":"<!-- This site is optimized with the Yoast SEO plugin v27.5 - https:\/\/yoast.com\/product\/yoast-seo-wordpress\/ -->\n<title>Qui\u00e9nes somos | Autos del Podio<\/title>\n<meta name=\"robots\" content=\"noindex, follow\" \/>\n<meta property=\"og:locale\" content=\"es_ES\" \/>\n<meta property=\"og:type\" content=\"article\" \/>\n<meta property=\"og:title\" content=\"Qui\u00e9nes somos | Autos del Podio\" \/>\n<meta property=\"og:description\" content=\"La idea de&nbsp;Autos del Podio&nbsp;es crear un espacio abierto dedicado a los autos, a la industria automotriz, al automovilismo y\" \/>\n<meta property=\"og:url\" content=\"http:\/\/autosdelpodio.com\/autos\/quienes-somos\/\" \/>\n<meta property=\"og:site_name\" content=\"Autos del Podio\" \/>\n<meta property=\"article:publisher\" content=\"https:\/\/www.facebook.com\/profile.php?id=100057192590976&amp;amp%3bamp%3bamp%3bamp%3bamp%3bamp%3bamp%3bamp%3bamp%3bamp%3bamp%3bamp%3bamp%3bamp%3bamp%3bamp%3bamp%3bamp%3bref=ts\" \/>\n<meta property=\"article:modified_time\" content=\"2020-03-31T00:03:45+00:00\" \/>\n<meta name=\"twitter:card\" content=\"summary_large_image\" \/>\n<meta name=\"twitter:site\" content=\"@autosdelpodio\" \/>\n<meta name=\"twitter:label1\" content=\"Tiempo de lectura\" \/>\n\t<meta name=\"twitter:data1\" content=\"2 minutos\" \/>\n<script type=\"application\/ld+json\" class=\"yoast-schema-graph\">{\"@context\":\"https:\\\/\\\/schema.org\",\"@graph\":[{\"@type\":\"WebPage\",\"@id\":\"http:\\\/\\\/autosdelpodio.com\\\/autos\\\/quienes-somos\\\/\",\"url\":\"http:\\\/\\\/autosdelpodio.com\\\/autos\\\/quienes-somos\\\/\",\"name\":\"Qui\u00e9nes somos | Autos del Podio\",\"isPartOf\":{\"@id\":\"http:\\\/\\\/autosdelpodio.com\\\/autos\\\/#website\"},\"datePublished\":\"2020-03-31T00:03:44+00:00\",\"dateModified\":\"2020-03-31T00:03:45+00:00\",\"breadcrumb\":{\"@id\":\"http:\\\/\\\/autosdelpodio.com\\\/autos\\\/quienes-somos\\\/#breadcrumb\"},\"inLanguage\":\"es\",\"potentialAction\":[{\"@type\":\"ReadAction\",\"target\":[\"http:\\\/\\\/autosdelpodio.com\\\/autos\\\/quienes-somos\\\/\"]}]},{\"@type\":\"BreadcrumbList\",\"@id\":\"http:\\\/\\\/autosdelpodio.com\\\/autos\\\/quienes-somos\\\/#breadcrumb\",\"itemListElement\":[{\"@type\":\"ListItem\",\"position\":1,\"name\":\"Portada\",\"item\":\"http:\\\/\\\/autosdelpodio.com\\\/autos\\\/\"},{\"@type\":\"ListItem\",\"position\":2,\"name\":\"Qui\u00e9nes somos\"}]},{\"@type\":\"WebSite\",\"@id\":\"http:\\\/\\\/autosdelpodio.com\\\/autos\\\/#website\",\"url\":\"http:\\\/\\\/autosdelpodio.com\\\/autos\\\/\",\"name\":\"Autos del Podio\",\"description\":\"La sexta del deporte motor\",\"publisher\":{\"@id\":\"http:\\\/\\\/autosdelpodio.com\\\/autos\\\/#organization\"},\"potentialAction\":[{\"@type\":\"SearchAction\",\"target\":{\"@type\":\"EntryPoint\",\"urlTemplate\":\"http:\\\/\\\/autosdelpodio.com\\\/autos\\\/?s={search_term_string}\"},\"query-input\":{\"@type\":\"PropertyValueSpecification\",\"valueRequired\":true,\"valueName\":\"search_term_string\"}}],\"inLanguage\":\"es\"},{\"@type\":\"Organization\",\"@id\":\"http:\\\/\\\/autosdelpodio.com\\\/autos\\\/#organization\",\"name\":\"Autos del Podio\",\"url\":\"http:\\\/\\\/autosdelpodio.com\\\/autos\\\/\",\"logo\":{\"@type\":\"ImageObject\",\"inLanguage\":\"es\",\"@id\":\"http:\\\/\\\/autosdelpodio.com\\\/autos\\\/#\\\/schema\\\/logo\\\/image\\\/\",\"url\":\"http:\\\/\\\/autosdelpodio.com\\\/autos\\\/wp-content\\\/uploads\\\/2020\\\/08\\\/Logo_AR.jpg\",\"contentUrl\":\"http:\\\/\\\/autosdelpodio.com\\\/autos\\\/wp-content\\\/uploads\\\/2020\\\/08\\\/Logo_AR.jpg\",\"width\":1038,\"height\":1044,\"caption\":\"Autos del Podio\"},\"image\":{\"@id\":\"http:\\\/\\\/autosdelpodio.com\\\/autos\\\/#\\\/schema\\\/logo\\\/image\\\/\"},\"sameAs\":[\"https:\\\/\\\/www.facebook.com\\\/profile.php?id=100057192590976&amp;amp;amp;amp;amp;amp;amp;amp;amp;amp;amp;amp;amp;amp;amp;amp;amp;amp;ref=ts\",\"https:\\\/\\\/x.com\\\/autosdelpodio\",\"https:\\\/\\\/www.youtube.com\\\/user\\\/AutosdelPodio\"]}]}<\/script>\n<!-- \/ Yoast SEO plugin. -->","yoast_head_json":{"title":"Qui\u00e9nes somos | Autos del Podio","robots":{"index":"noindex","follow":"follow"},"og_locale":"es_ES","og_type":"article","og_title":"Qui\u00e9nes somos | Autos del Podio","og_description":"La idea de&nbsp;Autos del Podio&nbsp;es crear un espacio abierto dedicado a los autos, a la industria automotriz, al automovilismo y","og_url":"http:\/\/autosdelpodio.com\/autos\/quienes-somos\/","og_site_name":"Autos del Podio","article_publisher":"https:\/\/www.facebook.com\/profile.php?id=100057192590976&amp%3bamp%3bamp%3bamp%3bamp%3bamp%3bamp%3bamp%3bamp%3bamp%3bamp%3bamp%3bamp%3bamp%3bamp%3bamp%3bamp%3bamp%3bref=ts","article_modified_time":"2020-03-31T00:03:45+00:00","twitter_card":"summary_large_image","twitter_site":"@autosdelpodio","twitter_misc":{"Tiempo de lectura":"2 minutos"},"schema":{"@context":"https:\/\/schema.org","@graph":[{"@type":"WebPage","@id":"http:\/\/autosdelpodio.com\/autos\/quienes-somos\/","url":"http:\/\/autosdelpodio.com\/autos\/quienes-somos\/","name":"Qui\u00e9nes somos | Autos del Podio","isPartOf":{"@id":"http:\/\/autosdelpodio.com\/autos\/#website"},"datePublished":"2020-03-31T00:03:44+00:00","dateModified":"2020-03-31T00:03:45+00:00","breadcrumb":{"@id":"http:\/\/autosdelpodio.com\/autos\/quienes-somos\/#breadcrumb"},"inLanguage":"es","potentialAction":[{"@type":"ReadAction","target":["http:\/\/autosdelpodio.com\/autos\/quienes-somos\/"]}]},{"@type":"BreadcrumbList","@id":"http:\/\/autosdelpodio.com\/autos\/quienes-somos\/#breadcrumb","itemListElement":[{"@type":"ListItem","position":1,"name":"Portada","item":"http:\/\/autosdelpodio.com\/autos\/"},{"@type":"ListItem","position":2,"name":"Qui\u00e9nes somos"}]},{"@type":"WebSite","@id":"http:\/\/autosdelpodio.com\/autos\/#website","url":"http:\/\/autosdelpodio.com\/autos\/","name":"Autos del Podio","description":"La sexta del deporte motor","publisher":{"@id":"http:\/\/autosdelpodio.com\/autos\/#organization"},"potentialAction":[{"@type":"SearchAction","target":{"@type":"EntryPoint","urlTemplate":"http:\/\/autosdelpodio.com\/autos\/?s={search_term_string}"},"query-input":{"@type":"PropertyValueSpecification","valueRequired":true,"valueName":"search_term_string"}}],"inLanguage":"es"},{"@type":"Organization","@id":"http:\/\/autosdelpodio.com\/autos\/#organization","name":"Autos del Podio","url":"http:\/\/autosdelpodio.com\/autos\/","logo":{"@type":"ImageObject","inLanguage":"es","@id":"http:\/\/autosdelpodio.com\/autos\/#\/schema\/logo\/image\/","url":"http:\/\/autosdelpodio.com\/autos\/wp-content\/uploads\/2020\/08\/Logo_AR.jpg","contentUrl":"http:\/\/autosdelpodio.com\/autos\/wp-content\/uploads\/2020\/08\/Logo_AR.jpg","width":1038,"height":1044,"caption":"Autos del Podio"},"image":{"@id":"http:\/\/autosdelpodio.com\/autos\/#\/schema\/logo\/image\/"},"sameAs":["https:\/\/www.facebook.com\/profile.php?id=100057192590976&amp;amp;amp;amp;amp;amp;amp;amp;amp;amp;amp;amp;amp;amp;amp;amp;amp;amp;ref=ts","https:\/\/x.com\/autosdelpodio","https:\/\/www.youtube.com\/user\/AutosdelPodio"]}]}},"_links":{"self":[{"href":"http:\/\/autosdelpodio.com\/autos\/wp-json\/wp\/v2\/pages\/1411","targetHints":{"allow":["GET"]}}],"collection":[{"href":"http:\/\/autosdelpodio.com\/autos\/wp-json\/wp\/v2\/pages"}],"about":[{"href":"http:\/\/autosdelpodio.com\/autos\/wp-json\/wp\/v2\/types\/page"}],"author":[{"embeddable":true,"href":"http:\/\/autosdelpodio.com\/autos\/wp-json\/wp\/v2\/users\/1"}],"replies":[{"embeddable":true,"href":"http:\/\/autosdelpodio.com\/autos\/wp-json\/wp\/v2\/comments?post=1411"}],"version-history":[{"count":1,"href":"http:\/\/autosdelpodio.com\/autos\/wp-json\/wp\/v2\/pages\/1411\/revisions"}],"predecessor-version":[{"id":1412,"href":"http:\/\/autosdelpodio.com\/autos\/wp-json\/wp\/v2\/pages\/1411\/revisions\/1412"}],"wp:attachment":[{"href":"http:\/\/autosdelpodio.com\/autos\/wp-json\/wp\/v2\/media?parent=1411"}],"curies":[{"name":"wp","href":"https:\/\/api.w.org\/{rel}","templated":true}]}}

Quiénes somos

<p>La idea de&nbsp;<strong>Autos del Podio&nbsp;</strong>es crear un espacio abierto dedicado a los autos, a la industria automotriz, al automovilismo y al mundo motor en general.Quienes formamos parte del equipo, entendemos que existen muchas y muy buenas&nbsp;paginas web, que tienen información, equipos periodísticos y logística de primer nivel.</p>



<p>Los equipos realizan miles de kilómetros para disputar una prueba. En tiempos donde los costos son elevados, resulta inexplicable por momentos su resistencia a las diversas crisis. Este deporte, si bien no escapa a lo que es un gran negocio como en todo aquel donde invierten las grandes empresas, del otro lado del alambrado aún mantiene un ambiente sano.</p>



<p>Muchos de los que hoy peinan canas recordarán aquella primera carrera a la que asistieron junto con sus padres, o como en mi caso con amigos, en el Gálvez, bien temprano tomando el 28 en Liniers.</p>



<p>Y en la memoria quedó el derrape de un tal Patita Minervino, del Chueco José Maria Romero, o el exquisito manejo del Flaco de Ramallo, y de tantos otros que eran nombrados en la radio a medida que ingresaban al Salotto. Y que ese día, los pude ver ahí nomás, separados por apenas un alambrado.</p>



<blockquote class="wp-block-quote is-layout-flow wp-block-quote-is-layout-flow"><p>Se dice que las carreras se corren los domingos, se comentan los lunes, y el martes ya casi ni se habla de lo que pasó y se comienza a hablar de lo que vendrá. Es fácil hablar con el diario del lunes, pero no se trata de eso.&nbsp;<strong>Este espacio apunta a la opinión, la&nbsp; participación de los visitantes sobre lo publicado, y compartir ese folklore típico para los que nos gusta este deporte vivimos en los autódromos.</strong>&nbsp;Un lugar donde se pueda subir videos o fotos de aficionados mostrando el backstage por decirlo así, o como se vive desde adentro, la foto con su ídolo, etc.</p></blockquote>



<p>Rescatar historias alrededor del rugido de los motores, las anécdotas, las charlas y comentarios. Y la mayoría de los chicos y no tanto que ayer pasearon pugnando por un autógrafo de sus ídolos guardarán ese momento como uno de los más significativos de su vida.</p>

<!-- This site is optimized with the Yoast SEO plugin v27.5 - https://yoast.com/product/yoast-seo-wordpress/ -->
<title>Quiénes somos | Autos del Podio</title>
<meta name="robots" content="noindex, follow" />
<meta property="og:locale" content="es_ES" />
<meta property="og:type" content="article" />
<meta property="og:title" content="Quiénes somos | Autos del Podio" />
<meta property="og:description" content="La idea de&nbsp;Autos del Podio&nbsp;es crear un espacio abierto dedicado a los autos, a la industria automotriz, al automovilismo y" />
<meta property="og:url" content="http://autosdelpodio.com/autos/quienes-somos/" />
<meta property="og:site_name" content="Autos del Podio" />
<meta property="article:publisher" content="https://www.facebook.com/profile.php?id=100057192590976&amp;amp%3bamp%3bamp%3bamp%3bamp%3bamp%3bamp%3bamp%3bamp%3bamp%3bamp%3bamp%3bamp%3bamp%3bamp%3bamp%3bamp%3bamp%3bref=ts" />
<meta property="article:modified_time" content="2020-03-31T00:03:45+00:00" />
<meta name="twitter:card" content="summary_large_image" />
<meta name="twitter:site" content="@autosdelpodio" />
<meta name="twitter:label1" content="Tiempo de lectura" />
	<meta name="twitter:data1" content="2 minutos" />
<script type="application/ld+json" class="yoast-schema-graph">{"@context":"https:\/\/schema.org","@graph":[{"@type":"WebPage","@id":"http:\/\/autosdelpodio.com\/autos\/quienes-somos\/","url":"http:\/\/autosdelpodio.com\/autos\/quienes-somos\/","name":"Quiénes somos | Autos del Podio","isPartOf":{"@id":"http:\/\/autosdelpodio.com\/autos\/#website"},"datePublished":"2020-03-31T00:03:44+00:00","dateModified":"2020-03-31T00:03:45+00:00","breadcrumb":{"@id":"http:\/\/autosdelpodio.com\/autos\/quienes-somos\/#breadcrumb"},"inLanguage":"es","potentialAction":[{"@type":"ReadAction","target":["http:\/\/autosdelpodio.com\/autos\/quienes-somos\/"]}]},{"@type":"BreadcrumbList","@id":"http:\/\/autosdelpodio.com\/autos\/quienes-somos\/#breadcrumb","itemListElement":[{"@type":"ListItem","position":1,"name":"Portada","item":"http:\/\/autosdelpodio.com\/autos\/"},{"@type":"ListItem","position":2,"name":"Quiénes somos"}]},{"@type":"WebSite","@id":"http:\/\/autosdelpodio.com\/autos\/#website","url":"http:\/\/autosdelpodio.com\/autos\/","name":"Autos del Podio","description":"La sexta del deporte motor","publisher":{"@id":"http:\/\/autosdelpodio.com\/autos\/#organization"},"potentialAction":[{"@type":"SearchAction","target":{"@type":"EntryPoint","urlTemplate":"http:\/\/autosdelpodio.com\/autos\/?s={search_term_string}"},"query-input":{"@type":"PropertyValueSpecification","valueRequired":true,"valueName":"search_term_string"}}],"inLanguage":"es"},{"@type":"Organization","@id":"http:\/\/autosdelpodio.com\/autos\/#organization","name":"Autos del Podio","url":"http:\/\/autosdelpodio.com\/autos\/","logo":{"@type":"ImageObject","inLanguage":"es","@id":"http:\/\/autosdelpodio.com\/autos\/#\/schema\/logo\/image\/","url":"http:\/\/autosdelpodio.com\/autos\/wp-content\/uploads\/2020\/08\/Logo_AR.jpg","contentUrl":"http:\/\/autosdelpodio.com\/autos\/wp-content\/uploads\/2020\/08\/Logo_AR.jpg","width":1038,"height":1044,"caption":"Autos del Podio"},"image":{"@id":"http:\/\/autosdelpodio.com\/autos\/#\/schema\/logo\/image\/"},"sameAs":["https:\/\/www.facebook.com\/profile.php?id=100057192590976&amp;amp;amp;amp;amp;amp;amp;amp;amp;amp;amp;amp;amp;amp;amp;amp;amp;amp;ref=ts","https:\/\/x.com\/autosdelpodio","https:\/\/www.youtube.com\/user\/AutosdelPodio"]}]}</script>
<!-- / Yoast SEO plugin. -->

Quiénes somos | Autos del Podio
