{"id":1425,"date":"2020-03-31T00:08:46","date_gmt":"2020-03-31T00:08:46","guid":{"rendered":"http:\/\/autosdelpodio.com\/autos\/?page_id=1425"},"modified":"2020-09-04T21:00:38","modified_gmt":"2020-09-05T00:00:38","slug":"buen-viaje","status":"publish","type":"page","link":"http:\/\/autosdelpodio.com\/autos\/buen-viaje\/","title":{"rendered":"Buen viaje"},"content":{"rendered":"\n<p>Sumado al mantenimiento preventivo, para tener un viaje tranquilo y seguro debemos tener en cuenta lo siguiente:<\/p>\n\n\n\n<p>\u2022 Tener la c\u00e9dula verde, certificado del seguro obligatorio y recibo del \u00faltimo pago, \u00faltimo pago de patente, DNI, CI o LE, registro de conductor vigente y, en caso de poseer gas, la c\u00e9dula de identificaci\u00f3n para Equipo de GNC.<\/p>\n\n\n\n<p>\u2022 Poseer la revisi\u00f3n t\u00e9cnica obligatoria al d\u00eda.<\/p>\n\n\n\n<p>\u2022 Matafuego de 1Kg, tipo ABC.<\/p>\n\n\n\n<p>\u2022 Baliza triangular reglamentaria.<\/p>\n\n\n\n<p>\u2022 Cr\u00edquet y llave para sacar las ruedas (si se tiene tuerca antirrobo, verificar d\u00f3nde se lleva la llave para extraerla).<\/p>\n\n\n\n<p>Resulta fundamental mantener el veh\u00edculo en las condiciones \u00f3ptimas de seguridad de manera que nos ayude a resolver satisfactoriamente las situaciones riesgosas.<strong>&nbsp;Porque como dice la campa\u00f1a de seguridad vial: \u201cSi se puede evitar no es un accidente\u201d.<\/strong><\/p>\n","protected":false},"excerpt":{"rendered":"<p>Sumado al mantenimiento preventivo, para tener un viaje tranquilo y seguro debemos tener en cuenta lo siguiente: \u2022 Tener la<\/p>\n","protected":false},"author":1,"featured_media":2615,"parent":0,"menu_order":0,"comment_status":"closed","ping_status":"closed","template":"","meta":{"colormag_page_container_layout":"default_layout","colormag_page_sidebar_layout":"default_layout","footnotes":""},"class_list":["post-1425","page","type-page","status-publish","has-post-thumbnail","hentry"],"yoast_head":"<!-- This site is optimized with the Yoast SEO plugin v27.5 - https:\/\/yoast.com\/product\/yoast-seo-wordpress\/ -->\n<title>Buen viaje | Autos del Podio<\/title>\n<meta name=\"robots\" content=\"noindex, follow\" \/>\n<meta property=\"og:locale\" content=\"es_ES\" \/>\n<meta property=\"og:type\" content=\"article\" \/>\n<meta property=\"og:title\" content=\"Buen viaje | Autos del Podio\" \/>\n<meta property=\"og:description\" content=\"Sumado al mantenimiento preventivo, para tener un viaje tranquilo y seguro debemos tener en cuenta lo siguiente: \u2022 Tener la\" \/>\n<meta property=\"og:url\" content=\"http:\/\/autosdelpodio.com\/autos\/buen-viaje\/\" \/>\n<meta property=\"og:site_name\" content=\"Autos del Podio\" \/>\n<meta property=\"article:publisher\" content=\"https:\/\/www.facebook.com\/profile.php?id=100057192590976&amp;amp%3bamp%3bamp%3bamp%3bamp%3bamp%3bamp%3bamp%3bamp%3bamp%3bamp%3bamp%3bamp%3bamp%3bamp%3bamp%3bamp%3bamp%3bref=ts\" \/>\n<meta property=\"article:modified_time\" content=\"2020-09-05T00:00:38+00:00\" \/>\n<meta property=\"og:image\" content=\"http:\/\/autosdelpodio.com\/autos\/wp-content\/uploads\/2020\/09\/Buen_Viaje.jpg\" \/>\n\t<meta property=\"og:image:width\" content=\"274\" \/>\n\t<meta property=\"og:image:height\" content=\"184\" \/>\n\t<meta property=\"og:image:type\" content=\"image\/jpeg\" \/>\n<meta name=\"twitter:card\" content=\"summary_large_image\" \/>\n<meta name=\"twitter:site\" content=\"@autosdelpodio\" \/>\n<meta name=\"twitter:label1\" content=\"Tiempo de lectura\" \/>\n\t<meta name=\"twitter:data1\" content=\"1 minuto\" \/>\n<script type=\"application\/ld+json\" class=\"yoast-schema-graph\">{\"@context\":\"https:\\\/\\\/schema.org\",\"@graph\":[{\"@type\":\"WebPage\",\"@id\":\"http:\\\/\\\/autosdelpodio.com\\\/autos\\\/buen-viaje\\\/\",\"url\":\"http:\\\/\\\/autosdelpodio.com\\\/autos\\\/buen-viaje\\\/\",\"name\":\"Buen viaje | Autos del Podio\",\"isPartOf\":{\"@id\":\"http:\\\/\\\/autosdelpodio.com\\\/autos\\\/#website\"},\"primaryImageOfPage\":{\"@id\":\"http:\\\/\\\/autosdelpodio.com\\\/autos\\\/buen-viaje\\\/#primaryimage\"},\"image\":{\"@id\":\"http:\\\/\\\/autosdelpodio.com\\\/autos\\\/buen-viaje\\\/#primaryimage\"},\"thumbnailUrl\":\"http:\\\/\\\/autosdelpodio.com\\\/autos\\\/wp-content\\\/uploads\\\/2020\\\/09\\\/Buen_Viaje.jpg\",\"datePublished\":\"2020-03-31T00:08:46+00:00\",\"dateModified\":\"2020-09-05T00:00:38+00:00\",\"breadcrumb\":{\"@id\":\"http:\\\/\\\/autosdelpodio.com\\\/autos\\\/buen-viaje\\\/#breadcrumb\"},\"inLanguage\":\"es\",\"potentialAction\":[{\"@type\":\"ReadAction\",\"target\":[\"http:\\\/\\\/autosdelpodio.com\\\/autos\\\/buen-viaje\\\/\"]}]},{\"@type\":\"ImageObject\",\"inLanguage\":\"es\",\"@id\":\"http:\\\/\\\/autosdelpodio.com\\\/autos\\\/buen-viaje\\\/#primaryimage\",\"url\":\"http:\\\/\\\/autosdelpodio.com\\\/autos\\\/wp-content\\\/uploads\\\/2020\\\/09\\\/Buen_Viaje.jpg\",\"contentUrl\":\"http:\\\/\\\/autosdelpodio.com\\\/autos\\\/wp-content\\\/uploads\\\/2020\\\/09\\\/Buen_Viaje.jpg\",\"width\":274,\"height\":184},{\"@type\":\"BreadcrumbList\",\"@id\":\"http:\\\/\\\/autosdelpodio.com\\\/autos\\\/buen-viaje\\\/#breadcrumb\",\"itemListElement\":[{\"@type\":\"ListItem\",\"position\":1,\"name\":\"Portada\",\"item\":\"http:\\\/\\\/autosdelpodio.com\\\/autos\\\/\"},{\"@type\":\"ListItem\",\"position\":2,\"name\":\"Buen viaje\"}]},{\"@type\":\"WebSite\",\"@id\":\"http:\\\/\\\/autosdelpodio.com\\\/autos\\\/#website\",\"url\":\"http:\\\/\\\/autosdelpodio.com\\\/autos\\\/\",\"name\":\"Autos del Podio\",\"description\":\"La sexta del deporte motor\",\"publisher\":{\"@id\":\"http:\\\/\\\/autosdelpodio.com\\\/autos\\\/#organization\"},\"potentialAction\":[{\"@type\":\"SearchAction\",\"target\":{\"@type\":\"EntryPoint\",\"urlTemplate\":\"http:\\\/\\\/autosdelpodio.com\\\/autos\\\/?s={search_term_string}\"},\"query-input\":{\"@type\":\"PropertyValueSpecification\",\"valueRequired\":true,\"valueName\":\"search_term_string\"}}],\"inLanguage\":\"es\"},{\"@type\":\"Organization\",\"@id\":\"http:\\\/\\\/autosdelpodio.com\\\/autos\\\/#organization\",\"name\":\"Autos del Podio\",\"url\":\"http:\\\/\\\/autosdelpodio.com\\\/autos\\\/\",\"logo\":{\"@type\":\"ImageObject\",\"inLanguage\":\"es\",\"@id\":\"http:\\\/\\\/autosdelpodio.com\\\/autos\\\/#\\\/schema\\\/logo\\\/image\\\/\",\"url\":\"http:\\\/\\\/autosdelpodio.com\\\/autos\\\/wp-content\\\/uploads\\\/2020\\\/08\\\/Logo_AR.jpg\",\"contentUrl\":\"http:\\\/\\\/autosdelpodio.com\\\/autos\\\/wp-content\\\/uploads\\\/2020\\\/08\\\/Logo_AR.jpg\",\"width\":1038,\"height\":1044,\"caption\":\"Autos del Podio\"},\"image\":{\"@id\":\"http:\\\/\\\/autosdelpodio.com\\\/autos\\\/#\\\/schema\\\/logo\\\/image\\\/\"},\"sameAs\":[\"https:\\\/\\\/www.facebook.com\\\/profile.php?id=100057192590976&amp;amp;amp;amp;amp;amp;amp;amp;amp;amp;amp;amp;amp;amp;amp;amp;amp;amp;ref=ts\",\"https:\\\/\\\/x.com\\\/autosdelpodio\",\"https:\\\/\\\/www.youtube.com\\\/user\\\/AutosdelPodio\"]}]}<\/script>\n<!-- \/ Yoast SEO plugin. -->","yoast_head_json":{"title":"Buen viaje | Autos del Podio","robots":{"index":"noindex","follow":"follow"},"og_locale":"es_ES","og_type":"article","og_title":"Buen viaje | Autos del Podio","og_description":"Sumado al mantenimiento preventivo, para tener un viaje tranquilo y seguro debemos tener en cuenta lo siguiente: \u2022 Tener la","og_url":"http:\/\/autosdelpodio.com\/autos\/buen-viaje\/","og_site_name":"Autos del Podio","article_publisher":"https:\/\/www.facebook.com\/profile.php?id=100057192590976&amp%3bamp%3bamp%3bamp%3bamp%3bamp%3bamp%3bamp%3bamp%3bamp%3bamp%3bamp%3bamp%3bamp%3bamp%3bamp%3bamp%3bamp%3bref=ts","article_modified_time":"2020-09-05T00:00:38+00:00","og_image":[{"width":274,"height":184,"url":"http:\/\/autosdelpodio.com\/autos\/wp-content\/uploads\/2020\/09\/Buen_Viaje.jpg","type":"image\/jpeg"}],"twitter_card":"summary_large_image","twitter_site":"@autosdelpodio","twitter_misc":{"Tiempo de lectura":"1 minuto"},"schema":{"@context":"https:\/\/schema.org","@graph":[{"@type":"WebPage","@id":"http:\/\/autosdelpodio.com\/autos\/buen-viaje\/","url":"http:\/\/autosdelpodio.com\/autos\/buen-viaje\/","name":"Buen viaje | Autos del Podio","isPartOf":{"@id":"http:\/\/autosdelpodio.com\/autos\/#website"},"primaryImageOfPage":{"@id":"http:\/\/autosdelpodio.com\/autos\/buen-viaje\/#primaryimage"},"image":{"@id":"http:\/\/autosdelpodio.com\/autos\/buen-viaje\/#primaryimage"},"thumbnailUrl":"http:\/\/autosdelpodio.com\/autos\/wp-content\/uploads\/2020\/09\/Buen_Viaje.jpg","datePublished":"2020-03-31T00:08:46+00:00","dateModified":"2020-09-05T00:00:38+00:00","breadcrumb":{"@id":"http:\/\/autosdelpodio.com\/autos\/buen-viaje\/#breadcrumb"},"inLanguage":"es","potentialAction":[{"@type":"ReadAction","target":["http:\/\/autosdelpodio.com\/autos\/buen-viaje\/"]}]},{"@type":"ImageObject","inLanguage":"es","@id":"http:\/\/autosdelpodio.com\/autos\/buen-viaje\/#primaryimage","url":"http:\/\/autosdelpodio.com\/autos\/wp-content\/uploads\/2020\/09\/Buen_Viaje.jpg","contentUrl":"http:\/\/autosdelpodio.com\/autos\/wp-content\/uploads\/2020\/09\/Buen_Viaje.jpg","width":274,"height":184},{"@type":"BreadcrumbList","@id":"http:\/\/autosdelpodio.com\/autos\/buen-viaje\/#breadcrumb","itemListElement":[{"@type":"ListItem","position":1,"name":"Portada","item":"http:\/\/autosdelpodio.com\/autos\/"},{"@type":"ListItem","position":2,"name":"Buen viaje"}]},{"@type":"WebSite","@id":"http:\/\/autosdelpodio.com\/autos\/#website","url":"http:\/\/autosdelpodio.com\/autos\/","name":"Autos del Podio","description":"La sexta del deporte motor","publisher":{"@id":"http:\/\/autosdelpodio.com\/autos\/#organization"},"potentialAction":[{"@type":"SearchAction","target":{"@type":"EntryPoint","urlTemplate":"http:\/\/autosdelpodio.com\/autos\/?s={search_term_string}"},"query-input":{"@type":"PropertyValueSpecification","valueRequired":true,"valueName":"search_term_string"}}],"inLanguage":"es"},{"@type":"Organization","@id":"http:\/\/autosdelpodio.com\/autos\/#organization","name":"Autos del Podio","url":"http:\/\/autosdelpodio.com\/autos\/","logo":{"@type":"ImageObject","inLanguage":"es","@id":"http:\/\/autosdelpodio.com\/autos\/#\/schema\/logo\/image\/","url":"http:\/\/autosdelpodio.com\/autos\/wp-content\/uploads\/2020\/08\/Logo_AR.jpg","contentUrl":"http:\/\/autosdelpodio.com\/autos\/wp-content\/uploads\/2020\/08\/Logo_AR.jpg","width":1038,"height":1044,"caption":"Autos del Podio"},"image":{"@id":"http:\/\/autosdelpodio.com\/autos\/#\/schema\/logo\/image\/"},"sameAs":["https:\/\/www.facebook.com\/profile.php?id=100057192590976&amp;amp;amp;amp;amp;amp;amp;amp;amp;amp;amp;amp;amp;amp;amp;amp;amp;amp;ref=ts","https:\/\/x.com\/autosdelpodio","https:\/\/www.youtube.com\/user\/AutosdelPodio"]}]}},"_links":{"self":[{"href":"http:\/\/autosdelpodio.com\/autos\/wp-json\/wp\/v2\/pages\/1425","targetHints":{"allow":["GET"]}}],"collection":[{"href":"http:\/\/autosdelpodio.com\/autos\/wp-json\/wp\/v2\/pages"}],"about":[{"href":"http:\/\/autosdelpodio.com\/autos\/wp-json\/wp\/v2\/types\/page"}],"author":[{"embeddable":true,"href":"http:\/\/autosdelpodio.com\/autos\/wp-json\/wp\/v2\/users\/1"}],"replies":[{"embeddable":true,"href":"http:\/\/autosdelpodio.com\/autos\/wp-json\/wp\/v2\/comments?post=1425"}],"version-history":[{"count":1,"href":"http:\/\/autosdelpodio.com\/autos\/wp-json\/wp\/v2\/pages\/1425\/revisions"}],"predecessor-version":[{"id":1426,"href":"http:\/\/autosdelpodio.com\/autos\/wp-json\/wp\/v2\/pages\/1425\/revisions\/1426"}],"wp:featuredmedia":[{"embeddable":true,"href":"http:\/\/autosdelpodio.com\/autos\/wp-json\/wp\/v2\/media\/2615"}],"wp:attachment":[{"href":"http:\/\/autosdelpodio.com\/autos\/wp-json\/wp\/v2\/media?parent=1425"}],"curies":[{"name":"wp","href":"https:\/\/api.w.org\/{rel}","templated":true}]}}

<p>Sumado al mantenimiento preventivo, para tener un viaje tranquilo y seguro debemos tener en cuenta lo siguiente:</p>



<p>• Tener la cédula verde, certificado del seguro obligatorio y recibo del último pago, último pago de patente, DNI, CI o LE, registro de conductor vigente y, en caso de poseer gas, la cédula de identificación para Equipo de GNC.</p>



<p>• Poseer la revisión técnica obligatoria al día.</p>



<p>• Matafuego de 1Kg, tipo ABC.</p>



<p>• Baliza triangular reglamentaria.</p>



<p>• Críquet y llave para sacar las ruedas (si se tiene tuerca antirrobo, verificar dónde se lleva la llave para extraerla).</p>



<p>Resulta fundamental mantener el vehículo en las condiciones óptimas de seguridad de manera que nos ayude a resolver satisfactoriamente las situaciones riesgosas.<strong>&nbsp;Porque como dice la campaña de seguridad vial: “Si se puede evitar no es un accidente”.</strong></p>
