{"id":1376,"date":"2020-03-30T23:55:48","date_gmt":"2020-03-30T23:55:48","guid":{"rendered":"http:\/\/autosdelpodio.com\/autos\/?page_id=1376"},"modified":"2020-03-30T23:55:49","modified_gmt":"2020-03-30T23:55:49","slug":"el-lavado-artesanal","status":"publish","type":"page","link":"https:\/\/autosdelpodio.com\/autos\/el-lavado-artesanal\/","title":{"rendered":"El lavado artesanal"},"content":{"rendered":"\n<p>La finalidad de este art\u00edculo lejos est\u00e1 de querer o intentar \u201cdar c\u00e1tedra\u201d o estandarizar un proceso de trabajo que tiene su estampa personal. Sabiendo que una misma tarea tiene varias alternativas v\u00e1lidas para llegar al mismo resultado, la idea es hacer una puesta en com\u00fan de todos los consejos y mitos llevados a la pr\u00e1ctica.<\/p>\n\n\n\n<p>No es una tarea menor, ni cuesti\u00f3n es echarle agua nom\u00e1s. En caso de no contar con una hidrolavadora, como en la mayor\u00eda de los casos que se reduce a la cl\u00e1sica manguera, agua y balde, un cepillo de cerdas no abrasivas, la manguera, un trapo rejilla bien limpio y el shampoo para auto. No es aconsejable el uso de detergente a la chapa.<\/p>\n\n\n\n<p>Un \u00edtem fundamental es respetar el orden de trabajo, de arriba hacia abajo, ll\u00e1mese techo puertas, laterales, hasta los z\u00f3calos, ruedas y paragolpes, esta ultimas zonas mas afectadas por la suciedad.<\/p>\n\n\n\n<p>Para los neum\u00e1ticos, baguetas se puede utilizar revividor o silicona (resiste m\u00e1s al contacto del agua) preferentemente.<\/p>\n\n\n\n<p>Lo ideal ser\u00eda hacerlo cada 15 d\u00edas, usando siempre el agua de manera racional, debido a que el polvo, la contaminaci\u00f3n y el barro acaban deteriorando la carrocer\u00eda. Siempre que lavemos el auto, tenemos que tratar de que est\u00e9 a la sombra y no en contacto directo con los rayos del sol, ya que si la chapa no esta a temperatura ambiente, la misma no queda bien lavada. El trapo rejilla que se usa para secar el auto, conviene mojarlo y escurrirlo bien, ya que el trapo totalmente seco desprende pelusas en la chapa<\/p>\n\n\n\n<p>Para rayones no muy profundos y para darle un pulido hay productos como el autopolish, que no se deben pasar muy seguido ya que es un producto abrasivo, por ello si queremos lustrarlo mejor usamos la cera.<\/p>\n\n\n\n<p>Ya hablamos de la parte externa ahora la otra parte no menos importante es el interior, all\u00ed tambi\u00e9n se deposita tierra y suciedad en los paneles, el tablero y las alfombras y cubre alfombras. A la salida de de la calefacci\u00f3n se le puede colgar esos perfumes que vienen para interiores, de larga duraci\u00f3n.<\/p>\n\n\n\n<p>Para manchas de grasa, alquitran, etc., usa siempre un producto espec\u00edfico. Es conveniente derivar la limpieza de tapicer\u00eda y asientos a especialistas, que tiene m\u00e1quinas m\u00e1s espec\u00edficas o sofisticadas.<\/p>\n","protected":false},"excerpt":{"rendered":"<p>La finalidad de este art\u00edculo lejos est\u00e1 de querer o intentar \u201cdar c\u00e1tedra\u201d o estandarizar un proceso de trabajo que<\/p>\n","protected":false},"author":1,"featured_media":0,"parent":0,"menu_order":0,"comment_status":"closed","ping_status":"closed","template":"","meta":{"colormag_page_container_layout":"default_layout","colormag_page_sidebar_layout":"default_layout","footnotes":""},"class_list":["post-1376","page","type-page","status-publish","hentry"],"yoast_head":"<!-- This site is optimized with the Yoast SEO plugin v27.5 - https:\/\/yoast.com\/product\/yoast-seo-wordpress\/ -->\n<title>El lavado artesanal | Autos del Podio<\/title>\n<meta name=\"robots\" content=\"noindex, follow\" \/>\n<meta property=\"og:locale\" content=\"es_ES\" \/>\n<meta property=\"og:type\" content=\"article\" \/>\n<meta property=\"og:title\" content=\"El lavado artesanal | Autos del Podio\" \/>\n<meta property=\"og:description\" content=\"La finalidad de este art\u00edculo lejos est\u00e1 de querer o intentar \u201cdar c\u00e1tedra\u201d o estandarizar un proceso de trabajo que\" \/>\n<meta property=\"og:url\" content=\"http:\/\/autosdelpodio.com\/autos\/el-lavado-artesanal\/\" \/>\n<meta property=\"og:site_name\" content=\"Autos del Podio\" \/>\n<meta property=\"article:publisher\" content=\"https:\/\/www.facebook.com\/profile.php?id=100057192590976&amp;amp%3bamp%3bamp%3bamp%3bamp%3bamp%3bamp%3bamp%3bamp%3bamp%3bamp%3bamp%3bamp%3bamp%3bamp%3bamp%3bamp%3bamp%3bref=ts\" \/>\n<meta property=\"article:modified_time\" content=\"2020-03-30T23:55:49+00:00\" \/>\n<meta name=\"twitter:card\" content=\"summary_large_image\" \/>\n<meta name=\"twitter:site\" content=\"@autosdelpodio\" \/>\n<meta name=\"twitter:label1\" content=\"Tiempo de lectura\" \/>\n\t<meta name=\"twitter:data1\" content=\"2 minutos\" \/>\n<script type=\"application\/ld+json\" class=\"yoast-schema-graph\">{\"@context\":\"https:\\\/\\\/schema.org\",\"@graph\":[{\"@type\":\"WebPage\",\"@id\":\"http:\\\/\\\/autosdelpodio.com\\\/autos\\\/el-lavado-artesanal\\\/\",\"url\":\"http:\\\/\\\/autosdelpodio.com\\\/autos\\\/el-lavado-artesanal\\\/\",\"name\":\"El lavado artesanal | Autos del Podio\",\"isPartOf\":{\"@id\":\"http:\\\/\\\/autosdelpodio.com\\\/autos\\\/#website\"},\"datePublished\":\"2020-03-30T23:55:48+00:00\",\"dateModified\":\"2020-03-30T23:55:49+00:00\",\"breadcrumb\":{\"@id\":\"http:\\\/\\\/autosdelpodio.com\\\/autos\\\/el-lavado-artesanal\\\/#breadcrumb\"},\"inLanguage\":\"es\",\"potentialAction\":[{\"@type\":\"ReadAction\",\"target\":[\"http:\\\/\\\/autosdelpodio.com\\\/autos\\\/el-lavado-artesanal\\\/\"]}]},{\"@type\":\"BreadcrumbList\",\"@id\":\"http:\\\/\\\/autosdelpodio.com\\\/autos\\\/el-lavado-artesanal\\\/#breadcrumb\",\"itemListElement\":[{\"@type\":\"ListItem\",\"position\":1,\"name\":\"Portada\",\"item\":\"http:\\\/\\\/autosdelpodio.com\\\/autos\\\/\"},{\"@type\":\"ListItem\",\"position\":2,\"name\":\"El lavado artesanal\"}]},{\"@type\":\"WebSite\",\"@id\":\"http:\\\/\\\/autosdelpodio.com\\\/autos\\\/#website\",\"url\":\"http:\\\/\\\/autosdelpodio.com\\\/autos\\\/\",\"name\":\"Autos del Podio\",\"description\":\"La sexta del deporte motor\",\"publisher\":{\"@id\":\"http:\\\/\\\/autosdelpodio.com\\\/autos\\\/#organization\"},\"potentialAction\":[{\"@type\":\"SearchAction\",\"target\":{\"@type\":\"EntryPoint\",\"urlTemplate\":\"http:\\\/\\\/autosdelpodio.com\\\/autos\\\/?s={search_term_string}\"},\"query-input\":{\"@type\":\"PropertyValueSpecification\",\"valueRequired\":true,\"valueName\":\"search_term_string\"}}],\"inLanguage\":\"es\"},{\"@type\":\"Organization\",\"@id\":\"http:\\\/\\\/autosdelpodio.com\\\/autos\\\/#organization\",\"name\":\"Autos del Podio\",\"url\":\"http:\\\/\\\/autosdelpodio.com\\\/autos\\\/\",\"logo\":{\"@type\":\"ImageObject\",\"inLanguage\":\"es\",\"@id\":\"http:\\\/\\\/autosdelpodio.com\\\/autos\\\/#\\\/schema\\\/logo\\\/image\\\/\",\"url\":\"http:\\\/\\\/autosdelpodio.com\\\/autos\\\/wp-content\\\/uploads\\\/2020\\\/08\\\/Logo_AR.jpg\",\"contentUrl\":\"http:\\\/\\\/autosdelpodio.com\\\/autos\\\/wp-content\\\/uploads\\\/2020\\\/08\\\/Logo_AR.jpg\",\"width\":1038,\"height\":1044,\"caption\":\"Autos del Podio\"},\"image\":{\"@id\":\"http:\\\/\\\/autosdelpodio.com\\\/autos\\\/#\\\/schema\\\/logo\\\/image\\\/\"},\"sameAs\":[\"https:\\\/\\\/www.facebook.com\\\/profile.php?id=100057192590976&amp;amp;amp;amp;amp;amp;amp;amp;amp;amp;amp;amp;amp;amp;amp;amp;amp;amp;ref=ts\",\"https:\\\/\\\/x.com\\\/autosdelpodio\",\"https:\\\/\\\/www.youtube.com\\\/user\\\/AutosdelPodio\"]}]}<\/script>\n<!-- \/ Yoast SEO plugin. -->","yoast_head_json":{"title":"El lavado artesanal | Autos del Podio","robots":{"index":"noindex","follow":"follow"},"og_locale":"es_ES","og_type":"article","og_title":"El lavado artesanal | Autos del Podio","og_description":"La finalidad de este art\u00edculo lejos est\u00e1 de querer o intentar \u201cdar c\u00e1tedra\u201d o estandarizar un proceso de trabajo que","og_url":"http:\/\/autosdelpodio.com\/autos\/el-lavado-artesanal\/","og_site_name":"Autos del Podio","article_publisher":"https:\/\/www.facebook.com\/profile.php?id=100057192590976&amp%3bamp%3bamp%3bamp%3bamp%3bamp%3bamp%3bamp%3bamp%3bamp%3bamp%3bamp%3bamp%3bamp%3bamp%3bamp%3bamp%3bamp%3bref=ts","article_modified_time":"2020-03-30T23:55:49+00:00","twitter_card":"summary_large_image","twitter_site":"@autosdelpodio","twitter_misc":{"Tiempo de lectura":"2 minutos"},"schema":{"@context":"https:\/\/schema.org","@graph":[{"@type":"WebPage","@id":"http:\/\/autosdelpodio.com\/autos\/el-lavado-artesanal\/","url":"http:\/\/autosdelpodio.com\/autos\/el-lavado-artesanal\/","name":"El lavado artesanal | Autos del Podio","isPartOf":{"@id":"http:\/\/autosdelpodio.com\/autos\/#website"},"datePublished":"2020-03-30T23:55:48+00:00","dateModified":"2020-03-30T23:55:49+00:00","breadcrumb":{"@id":"http:\/\/autosdelpodio.com\/autos\/el-lavado-artesanal\/#breadcrumb"},"inLanguage":"es","potentialAction":[{"@type":"ReadAction","target":["http:\/\/autosdelpodio.com\/autos\/el-lavado-artesanal\/"]}]},{"@type":"BreadcrumbList","@id":"http:\/\/autosdelpodio.com\/autos\/el-lavado-artesanal\/#breadcrumb","itemListElement":[{"@type":"ListItem","position":1,"name":"Portada","item":"http:\/\/autosdelpodio.com\/autos\/"},{"@type":"ListItem","position":2,"name":"El lavado artesanal"}]},{"@type":"WebSite","@id":"http:\/\/autosdelpodio.com\/autos\/#website","url":"http:\/\/autosdelpodio.com\/autos\/","name":"Autos del Podio","description":"La sexta del deporte motor","publisher":{"@id":"http:\/\/autosdelpodio.com\/autos\/#organization"},"potentialAction":[{"@type":"SearchAction","target":{"@type":"EntryPoint","urlTemplate":"http:\/\/autosdelpodio.com\/autos\/?s={search_term_string}"},"query-input":{"@type":"PropertyValueSpecification","valueRequired":true,"valueName":"search_term_string"}}],"inLanguage":"es"},{"@type":"Organization","@id":"http:\/\/autosdelpodio.com\/autos\/#organization","name":"Autos del Podio","url":"http:\/\/autosdelpodio.com\/autos\/","logo":{"@type":"ImageObject","inLanguage":"es","@id":"http:\/\/autosdelpodio.com\/autos\/#\/schema\/logo\/image\/","url":"http:\/\/autosdelpodio.com\/autos\/wp-content\/uploads\/2020\/08\/Logo_AR.jpg","contentUrl":"http:\/\/autosdelpodio.com\/autos\/wp-content\/uploads\/2020\/08\/Logo_AR.jpg","width":1038,"height":1044,"caption":"Autos del Podio"},"image":{"@id":"http:\/\/autosdelpodio.com\/autos\/#\/schema\/logo\/image\/"},"sameAs":["https:\/\/www.facebook.com\/profile.php?id=100057192590976&amp;amp;amp;amp;amp;amp;amp;amp;amp;amp;amp;amp;amp;amp;amp;amp;amp;amp;ref=ts","https:\/\/x.com\/autosdelpodio","https:\/\/www.youtube.com\/user\/AutosdelPodio"]}]}},"_links":{"self":[{"href":"https:\/\/autosdelpodio.com\/autos\/wp-json\/wp\/v2\/pages\/1376","targetHints":{"allow":["GET"]}}],"collection":[{"href":"https:\/\/autosdelpodio.com\/autos\/wp-json\/wp\/v2\/pages"}],"about":[{"href":"https:\/\/autosdelpodio.com\/autos\/wp-json\/wp\/v2\/types\/page"}],"author":[{"embeddable":true,"href":"https:\/\/autosdelpodio.com\/autos\/wp-json\/wp\/v2\/users\/1"}],"replies":[{"embeddable":true,"href":"https:\/\/autosdelpodio.com\/autos\/wp-json\/wp\/v2\/comments?post=1376"}],"version-history":[{"count":1,"href":"https:\/\/autosdelpodio.com\/autos\/wp-json\/wp\/v2\/pages\/1376\/revisions"}],"predecessor-version":[{"id":1377,"href":"https:\/\/autosdelpodio.com\/autos\/wp-json\/wp\/v2\/pages\/1376\/revisions\/1377"}],"wp:attachment":[{"href":"https:\/\/autosdelpodio.com\/autos\/wp-json\/wp\/v2\/media?parent=1376"}],"curies":[{"name":"wp","href":"https:\/\/api.w.org\/{rel}","templated":true}]}}

<p>La finalidad de este artículo lejos está de querer o intentar “dar cátedra” o estandarizar un proceso de trabajo que tiene su estampa personal. Sabiendo que una misma tarea tiene varias alternativas válidas para llegar al mismo resultado, la idea es hacer una puesta en común de todos los consejos y mitos llevados a la práctica.</p>



<p>No es una tarea menor, ni cuestión es echarle agua nomás. En caso de no contar con una hidrolavadora, como en la mayoría de los casos que se reduce a la clásica manguera, agua y balde, un cepillo de cerdas no abrasivas, la manguera, un trapo rejilla bien limpio y el shampoo para auto. No es aconsejable el uso de detergente a la chapa.</p>



<p>Un ítem fundamental es respetar el orden de trabajo, de arriba hacia abajo, llámese techo puertas, laterales, hasta los zócalos, ruedas y paragolpes, esta ultimas zonas mas afectadas por la suciedad.</p>



<p>Para los neumáticos, baguetas se puede utilizar revividor o silicona (resiste más al contacto del agua) preferentemente.</p>



<p>Lo ideal sería hacerlo cada 15 días, usando siempre el agua de manera racional, debido a que el polvo, la contaminación y el barro acaban deteriorando la carrocería. Siempre que lavemos el auto, tenemos que tratar de que esté a la sombra y no en contacto directo con los rayos del sol, ya que si la chapa no esta a temperatura ambiente, la misma no queda bien lavada. El trapo rejilla que se usa para secar el auto, conviene mojarlo y escurrirlo bien, ya que el trapo totalmente seco desprende pelusas en la chapa</p>



<p>Para rayones no muy profundos y para darle un pulido hay productos como el autopolish, que no se deben pasar muy seguido ya que es un producto abrasivo, por ello si queremos lustrarlo mejor usamos la cera.</p>



<p>Ya hablamos de la parte externa ahora la otra parte no menos importante es el interior, allí también se deposita tierra y suciedad en los paneles, el tablero y las alfombras y cubre alfombras. A la salida de de la calefacción se le puede colgar esos perfumes que vienen para interiores, de larga duración.</p>



<p>Para manchas de grasa, alquitran, etc., usa siempre un producto específico. Es conveniente derivar la limpieza de tapicería y asientos a especialistas, que tiene máquinas más específicas o sofisticadas.</p>

<p>La finalidad de este artículo lejos está de querer o intentar “dar cátedra” o estandarizar un proceso de trabajo que</p>

<!-- This site is optimized with the Yoast SEO plugin v27.5 - https://yoast.com/product/yoast-seo-wordpress/ -->
<title>El lavado artesanal | Autos del Podio</title>
<meta name="robots" content="noindex, follow" />
<meta property="og:locale" content="es_ES" />
<meta property="og:type" content="article" />
<meta property="og:title" content="El lavado artesanal | Autos del Podio" />
<meta property="og:description" content="La finalidad de este artículo lejos está de querer o intentar “dar cátedra” o estandarizar un proceso de trabajo que" />
<meta property="og:url" content="http://autosdelpodio.com/autos/el-lavado-artesanal/" />
<meta property="og:site_name" content="Autos del Podio" />
<meta property="article:publisher" content="https://www.facebook.com/profile.php?id=100057192590976&amp;amp%3bamp%3bamp%3bamp%3bamp%3bamp%3bamp%3bamp%3bamp%3bamp%3bamp%3bamp%3bamp%3bamp%3bamp%3bamp%3bamp%3bamp%3bref=ts" />
<meta property="article:modified_time" content="2020-03-30T23:55:49+00:00" />
<meta name="twitter:card" content="summary_large_image" />
<meta name="twitter:site" content="@autosdelpodio" />
<meta name="twitter:label1" content="Tiempo de lectura" />
	<meta name="twitter:data1" content="2 minutos" />
<script type="application/ld+json" class="yoast-schema-graph">{"@context":"https:\/\/schema.org","@graph":[{"@type":"WebPage","@id":"http:\/\/autosdelpodio.com\/autos\/el-lavado-artesanal\/","url":"http:\/\/autosdelpodio.com\/autos\/el-lavado-artesanal\/","name":"El lavado artesanal | Autos del Podio","isPartOf":{"@id":"http:\/\/autosdelpodio.com\/autos\/#website"},"datePublished":"2020-03-30T23:55:48+00:00","dateModified":"2020-03-30T23:55:49+00:00","breadcrumb":{"@id":"http:\/\/autosdelpodio.com\/autos\/el-lavado-artesanal\/#breadcrumb"},"inLanguage":"es","potentialAction":[{"@type":"ReadAction","target":["http:\/\/autosdelpodio.com\/autos\/el-lavado-artesanal\/"]}]},{"@type":"BreadcrumbList","@id":"http:\/\/autosdelpodio.com\/autos\/el-lavado-artesanal\/#breadcrumb","itemListElement":[{"@type":"ListItem","position":1,"name":"Portada","item":"http:\/\/autosdelpodio.com\/autos\/"},{"@type":"ListItem","position":2,"name":"El lavado artesanal"}]},{"@type":"WebSite","@id":"http:\/\/autosdelpodio.com\/autos\/#website","url":"http:\/\/autosdelpodio.com\/autos\/","name":"Autos del Podio","description":"La sexta del deporte motor","publisher":{"@id":"http:\/\/autosdelpodio.com\/autos\/#organization"},"potentialAction":[{"@type":"SearchAction","target":{"@type":"EntryPoint","urlTemplate":"http:\/\/autosdelpodio.com\/autos\/?s={search_term_string}"},"query-input":{"@type":"PropertyValueSpecification","valueRequired":true,"valueName":"search_term_string"}}],"inLanguage":"es"},{"@type":"Organization","@id":"http:\/\/autosdelpodio.com\/autos\/#organization","name":"Autos del Podio","url":"http:\/\/autosdelpodio.com\/autos\/","logo":{"@type":"ImageObject","inLanguage":"es","@id":"http:\/\/autosdelpodio.com\/autos\/#\/schema\/logo\/image\/","url":"http:\/\/autosdelpodio.com\/autos\/wp-content\/uploads\/2020\/08\/Logo_AR.jpg","contentUrl":"http:\/\/autosdelpodio.com\/autos\/wp-content\/uploads\/2020\/08\/Logo_AR.jpg","width":1038,"height":1044,"caption":"Autos del Podio"},"image":{"@id":"http:\/\/autosdelpodio.com\/autos\/#\/schema\/logo\/image\/"},"sameAs":["https:\/\/www.facebook.com\/profile.php?id=100057192590976&amp;amp;amp;amp;amp;amp;amp;amp;amp;amp;amp;amp;amp;amp;amp;amp;amp;amp;ref=ts","https:\/\/x.com\/autosdelpodio","https:\/\/www.youtube.com\/user\/AutosdelPodio"]}]}</script>
<!-- / Yoast SEO plugin. -->

La finalidad de este artículo lejos está de querer o intentar “dar cátedra” o estandarizar un proceso de trabajo que
